{"id":899,"date":"2023-04-11T21:36:40","date_gmt":"2023-04-11T19:36:40","guid":{"rendered":"https:\/\/hasserisstuerne.dk\/?page_id=899"},"modified":"2023-04-11T21:36:40","modified_gmt":"2023-04-11T19:36:40","slug":"generalforsamling-2023","status":"publish","type":"page","link":"https:\/\/hasserisstuerne.dk\/?page_id=899","title":{"rendered":"Generalforsamling 2023"},"content":{"rendered":"\n<p>HASSERISSTUERNE<\/p>\n\n\n\n<p>REFERAT af 25. ordin\u00e6re generalforsamling i krypten i Hasseris Kirke kl.19.30 DATO 29.3.2023<\/p>\n\n\n\n<p>Formanden J\u00f8rgen Els\u00f8e Jensen var desv\u00e6rre frav\u00e6rende, s\u00e5<\/p>\n\n\n\n<p>n\u00e6stformand Birgitte Pilgaard b\u00f8d velkommen; Hans Boisen blev foresl\u00e5et<\/p>\n\n\n\n<p>som generalforsamlingens dirigent<\/p>\n\n\n\n<p>Dirigenten indledte med at konstatere, at generalforsamlingen var lovligt<\/p>\n\n\n\n<p>indvarslet og beslutningsdygtig<\/p>\n\n\n\n<p>Beretning<\/p>\n\n\n\n<p>&#8211; N\u00e6stformanden gennemgik enkelte punkter i den udsendte beretning:<\/p>\n\n\n\n<p>&#8211; Foreningen planl\u00e6gger at genudgive en opdateret udgave af publikationen<\/p>\n\n\n\n<p>\u201dFra en Arkitekts Arkiv\u201d, hvor arkitekt Jacob Blegvad for over 20 \u00e5r siden<\/p>\n\n\n\n<p>gennem tekst, kort og tegninger berettede om udbygningen af Hasseris i<\/p>\n\n\n\n<p>perioden 1940 til 1970<\/p>\n\n\n\n<p>Skriftet har v\u00e6ret omtalt i marts udgaven af hasserisavis.dk<\/p>\n\n\n\n<p>&#8211; Jeg vil hermed overgive beretningen til generalforsamlingen.<\/p>\n\n\n\n<p>Beretningen godkendt<\/p>\n\n\n\n<p>Regnskab<\/p>\n\n\n\n<p>&#8211; Det reviderede regnskab blev fremlagt af Curt Sloth og godkendt<\/p>\n\n\n\n<p>&#8211; Regnskabet viser et overskud p\u00e5 kr.4.007,-<\/p>\n\n\n\n<p>&#8211; Kontingent: Forslag fra kassereren om kontingentfritagelse for 2023<\/p>\n\n\n\n<p>vedtaget<\/p>\n\n\n\n<p>Indkomne forslag<\/p>\n\n\n\n<p>&#8211; Der er ikke indkommet forslag<\/p>\n\n\n\n<p>Valg til formand<\/p>\n\n\n\n<p>&#8211; J\u00f8rgen Els\u00f8e Jensen blev genvalgt til formand<\/p>\n\n\n\n<p>Valg til bestyrelse<\/p>\n\n\n\n<p>&#8211; P\u00e5 valg: Hans Boisen og Curt Sloth \u2013 begge modtog genvalg<\/p>\n\n\n\n<p>&#8211; Mie Boe og Kaj Frandsen forts\u00e6tter som suppleanter<\/p>\n\n\n\n<p>Valg af revisorer<\/p>\n\n\n\n<p>&#8211; Kurt Hansen og Mogens Kastrup Jensen blev genvalgt som revisorer<\/p>\n\n\n\n<p>Eventuelt<\/p>\n\n\n\n<p>&#8211; Der var ingen kommentarer<\/p>\n\n\n\n<p>&#8211; Birgitte Pilgaard sluttede generalforsamlingen med at takke<\/p>\n\n\n\n<p>dirigenten og de fremm\u00f8dte<\/p>\n\n\n\n<p>Efter generalforsamlingen l\u00f8ftede en repr\u00e6sentant for Hasseris Grundejerforening lidt af sl\u00f8ret<\/p>\n\n\n\n<p>for planerne for Hasseris Bymidte.<\/p>\n\n\n\n<p>Det igangv\u00e6rende byggeri skal v\u00e6re f\u00e6rdigt i august, og Kjeld Gregersen, der ejer Bymidten,<\/p>\n\n\n\n<p>\u00f8nsker at pladsen mellem \u201dAktuel\u201d og blomsterforretningen skal navngives Blegvads Plads med<\/p>\n\n\n\n<p>en \u201dliggende\u201d mindeplade i metal. Grundejerforeningen er inde over projektet, og man \u00f8nsker at<\/p>\n\n\n\n<p>lave et samarbejde med Hasserisstuerne om et arrangement i forbindelse med afsl\u00f8ringen af<\/p>\n\n\n\n<p>mindepladen. Her t\u00e6nker man bl.a. p\u00e5 div. boder, musik og andet, der v\u00e6re med til at festligg\u00f8re<\/p>\n\n\n\n<p>dagen.<\/p>\n\n\n\n<p>Dette arrangement skal finde sted i slutningen af august.<\/p>\n\n\n\n<p>Referent: Charlotte Gorm Bremmer<\/p>\n","protected":false},"excerpt":{"rendered":"<p>HASSERISSTUERNE REFERAT af 25. ordin\u00e6re generalforsamling i krypten i Hasseris Kirke kl.19.30 DATO 29.3.2023 Formanden J\u00f8rgen Els\u00f8e Jensen var desv\u00e6rre frav\u00e6rende, s\u00e5 n\u00e6stformand Birgitte Pilgaard b\u00f8d velkommen; Hans Boisen blev foresl\u00e5et som generalforsamlingens dirigent Dirigenten indledte med at konstatere, at &hellip; <a href=\"https:\/\/hasserisstuerne.dk\/?page_id=899\">Continued<\/a><\/p>\n","protected":false},"author":1,"featured_media":0,"parent":0,"menu_order":0,"comment_status":"closed","ping_status":"closed","template":"","meta":{"kt_blocks_editor_width":"","footnotes":""},"class_list":["post-899","page","type-page","status-publish","hentry"],"_links":{"self":[{"href":"https:\/\/hasserisstuerne.dk\/index.php?rest_route=\/wp\/v2\/pages\/899","targetHints":{"allow":["GET"]}}],"collection":[{"href":"https:\/\/hasserisstuerne.dk\/index.php?rest_route=\/wp\/v2\/pages"}],"about":[{"href":"https:\/\/hasserisstuerne.dk\/index.php?rest_route=\/wp\/v2\/types\/page"}],"author":[{"embeddable":true,"href":"https:\/\/hasserisstuerne.dk\/index.php?rest_route=\/wp\/v2\/users\/1"}],"replies":[{"embeddable":true,"href":"https:\/\/hasserisstuerne.dk\/index.php?rest_route=%2Fwp%2Fv2%2Fcomments&post=899"}],"version-history":[{"count":1,"href":"https:\/\/hasserisstuerne.dk\/index.php?rest_route=\/wp\/v2\/pages\/899\/revisions"}],"predecessor-version":[{"id":900,"href":"https:\/\/hasserisstuerne.dk\/index.php?rest_route=\/wp\/v2\/pages\/899\/revisions\/900"}],"wp:attachment":[{"href":"https:\/\/hasserisstuerne.dk\/index.php?rest_route=%2Fwp%2Fv2%2Fmedia&parent=899"}],"curies":[{"name":"wp","href":"https:\/\/api.w.org\/{rel}","templated":true}]}}