{"id":725,"date":"2021-02-23T17:23:57","date_gmt":"2021-02-23T16:23:57","guid":{"rendered":"http:\/\/hasserisstuerne.conicio.dk\/?page_id=725"},"modified":"2021-02-23T17:23:57","modified_gmt":"2021-02-23T16:23:57","slug":"generalforsamling-2018-2","status":"publish","type":"page","link":"https:\/\/hasserisstuerne.dk\/?page_id=725","title":{"rendered":"Generalforsamling 2018"},"content":{"rendered":"\n<p><strong>HASSERISSTUERNE<\/strong><\/p>\n\n\n\n<p><strong>REFERAT<\/strong>&nbsp;&nbsp;&nbsp;&nbsp;&nbsp;&nbsp;&nbsp;&nbsp;&nbsp;&nbsp;&nbsp;&nbsp;&nbsp;&nbsp;&nbsp;&nbsp;&nbsp;&nbsp;&nbsp; af 22. ordin\u00e6re generalforsamling i Krypten i Hasseris Kirke<\/p>\n\n\n\n<p><strong>&nbsp;&nbsp;&nbsp;&nbsp;&nbsp;&nbsp;&nbsp;&nbsp;&nbsp;&nbsp;&nbsp;&nbsp;&nbsp;&nbsp;&nbsp;&nbsp;&nbsp;&nbsp;&nbsp;&nbsp;&nbsp;&nbsp;&nbsp;&nbsp;&nbsp;&nbsp;&nbsp;&nbsp;&nbsp;&nbsp;&nbsp;&nbsp;&nbsp;&nbsp;&nbsp;&nbsp; <\/strong>kl.19.30<\/p>\n\n\n\n<p><strong>DATO&nbsp;&nbsp;&nbsp;&nbsp;&nbsp;&nbsp;&nbsp;&nbsp;&nbsp;&nbsp;&nbsp;&nbsp;&nbsp;&nbsp;&nbsp;&nbsp;&nbsp;&nbsp;&nbsp;&nbsp;&nbsp;&nbsp;&nbsp;&nbsp;&nbsp;&nbsp; <\/strong>21.3.2018<\/p>\n\n\n\n<p>Formanden J\u00f8rgen Els\u00f8e Jensen b\u00f8d velkommen, og Jens Laursen blev foresl\u00e5et som generalforsamlingens dirigent<\/p>\n\n\n\n<p>Dirigenten indledte med at konstatere, at generalforsamlingen var lovligt indvarsletog beslutningsdygtig<\/p>\n\n\n\n<p><strong>Beretning<\/strong><\/p>\n\n\n\n<p><strong>&#8211;&nbsp;&nbsp;&nbsp;&nbsp; <\/strong>Formanden gennemgik de enkelte punkter i den udsendte beretning<strong>:<\/strong><\/p>\n\n\n\n<ul class=\"wp-block-list\"><li>J\u00f8rgen Els\u00f8e Jensen indledte med at gennemg\u00e5 bestyrelsens sammens\u00e6tning og kunne igen gl\u00e6de sig over, at foreningen har en solid \u00f8konomi og et stabilt medlemstal omkring 90.<\/li><\/ul>\n\n\n\n<ul class=\"wp-block-list\"><li>Foreningen udsender senere i \u00e5r en bog om arkitekt Jacob Blegvad med Erik Iversen som forfatter. Erik fortalte om projektet efter generalforsamlingen sidste \u00e5r, og produktionen forl\u00f8ber efter tidsplanen. Det er en stor satsning, s\u00e5 derfor havde vi ingen planlagt udgivelse i det indev\u00e6rende forenings \u00e5r.<\/li><\/ul>\n\n\n\n<ul class=\"wp-block-list\"><li>Formanden og bestyrelsen med syntes dog, at det var lidt for pauvert ikke at lave et skrift af en slags til medlemmerne; det er jo blevet en tradition. Aase Bak havde vist os en kalender, som en af de andre foreninger i arkivsammen -slutningen havde udsendt. Vi besluttede os, lidt sent m\u00e5ske, at udgive en 14-dages kalender med nyheder fra Hasseris for 100 \u00e5r siden som tema og at bruge Aalborg Stiftstidende som hovedkilde. Den er jo digitaliseret og lige til at g\u00e5 til. Bestyrelsen gik med krum hals i gang med de kr\u00f8llede bogstaver, og efterf\u00f8lgende blev der stykket en fort\u00e6lling sammen, som vi h\u00e5ber medlemmerne har fundet interessant. Produktionen trak lidt ud, og vi fik f\u00f8rst kalenderen sendt ud i januar. Jeg h\u00e5ber I b\u00e6rer over med os p\u00e5 det punkt.<\/li><\/ul>\n\n\n\n<ul class=\"wp-block-list\"><li>Jeg fort\u00e6ller mere om selve temaet i kalenderen efter generalforsamlingen og vil her blot h\u00e6fte mig ved, at den var lidt dyr at producere. Om det skal blive en tradition, vil vi gerne have lidt feedback p\u00e5 fra medlemmerne. Jeg selv synes, det var en fin lille opgave, og \u00e5ret 1918 er m\u00e5ske det mest interessante gennem de sidste 100 \u00e5r.<\/li><\/ul>\n\n\n\n<ul class=\"wp-block-list\"><li>Vi har jo sparet en mindre sum sammen i foreningen, og det er i og for sig ikke meningen, at den skal ligge ubrugt hen, s\u00e5 bestyrelsen blev enige om at bruge noget af den p\u00e5 det, der er foreningens form\u00e5l: at styrke sammenholder her i bydelen.<\/li><\/ul>\n\n\n\n<ul class=\"wp-block-list\"><li>Det blev til to foredrag, dels med Gorm Henrik Rasmussen den 19.4., dels med Esben Hanefelt Kristensen den 25.10. Vi henvendte os til Hasseris Grund -ejerforening og foreslog, at de p\u00e5 vores vegne inviterede deres medlemmer til arrangementerne, og de blev ogs\u00e5 annonceret i Nordjyske Stiftstidende. Resultatet blev et stort fremm\u00f8de til begge arrangementer, ca. 80 hver gang, samt nogle rigtig gode foredrag, og da publikum yderligere blev bev\u00e6rtet med vin og chips i pausen, var stemningen i top.<\/li><\/ul>\n\n\n\n<ul class=\"wp-block-list\"><li>Vi er naturligvis glade for det store fremm\u00f8de, og at vores opsparede midler kan blive til gl\u00e6de og gavn for bydelens indbyggere. Lidt uheldigt var det imidlertid, at en del af publikum, som overvejende bestod af Grund -ejerforeningens medlemmer, opfattede foredragene som arrangeret af deres forening. Jeg synes, at jeg gjorde mit bedste for at understrege, at det var Hasserisstuerne, som gener\u00f8st \u00f8sede ud af sine midler; men det m\u00e5 jeg blive bedre til at understrege ved de kommende arrangementer. Det kan bl.a. ske ved, at vi for\u00e6rer en kalender med en indmeldelsesblanket til de fremm\u00f8dte.<\/li><\/ul>\n\n\n\n<p>&nbsp;&nbsp;&nbsp;&nbsp;&nbsp; &nbsp;I den hensigt fik vi trykt et lille ekstra oplag.<\/p>\n\n\n\n<ul class=\"wp-block-list\"><li>Foreningens hjemmeside fungerer efter bestyrelsens mening ganske glimrende, og vi f\u00e5r l\u00f8bende en hel del henvendelser gennem den indbyggede kontaktservice. Bl.a. har foreningen ad den vej f\u00e5et et maleri af Klokkestablen for\u00e6rende af en borger i Aabybro. Det vil blive indlemmet i vores samling, der befinder sig i Nordjyllands Historiske Museums f\u00e6llesmagasin.<\/li><\/ul>\n\n\n\n<p>Curt Sloth tager sig af opgaven at v\u00e6re redakt\u00f8r af hjemmesiden.<\/p>\n\n\n\n<ul class=\"wp-block-list\"><li>Bestyrelsen tillod sig at holde en julefrokost sammen p\u00e5 KUNSTEN oven p\u00e5 det gode \u00e5r. Aase Bak viste rundt i den tankev\u00e6kkende udstilling: Vilhelm Lundstr\u00f8m og den gode smag.<\/li><\/ul>\n\n\n\n<ul class=\"wp-block-list\"><li>Jeg vil hermed overgive beretningen til generalforsamlingen.<\/li><\/ul>\n\n\n\n<p>&nbsp;&nbsp;&nbsp;&nbsp; &nbsp;&nbsp;&nbsp;&nbsp;Beretningen godkendt<\/p>\n\n\n\n<p><strong>Regnskab<\/strong><\/p>\n\n\n\n<p><strong>&#8211;<\/strong>&nbsp;&nbsp;&nbsp;&nbsp;&nbsp;&nbsp; Det reviderede regnskab blev fremlagt af Curt Sloth og godkendt<\/p>\n\n\n\n<p><strong>&#8211;<\/strong>&nbsp;&nbsp;&nbsp;&nbsp;&nbsp; Regnskabet viser et overskud p\u00e5 kr. 1.795,-<\/p>\n\n\n\n<p><strong>&#8211;<\/strong>&nbsp;&nbsp;&nbsp;&nbsp;&nbsp; Kontingentet (2019) er u\u00e6ndret kr. 100,00<\/p>\n\n\n\n<p><strong>Indkomne forslag<\/strong><\/p>\n\n\n\n<p>&#8211;&nbsp;&nbsp;&nbsp; Der er ikke indkommet forslag<\/p>\n\n\n\n<h1 class=\"wp-block-heading\">Valg til formand<\/h1>\n\n\n\n<p>&nbsp;&nbsp;&nbsp;&nbsp;&nbsp;&nbsp;&nbsp;&nbsp;&nbsp;&nbsp;&nbsp;&nbsp;&nbsp;&nbsp;&nbsp;&nbsp;&nbsp;&nbsp;&nbsp;&nbsp;&nbsp; <strong>&nbsp;&nbsp;&nbsp;&nbsp;&nbsp;&nbsp;&nbsp; &nbsp;&nbsp;&nbsp;&nbsp;&nbsp;&nbsp;&nbsp;&nbsp;&#8211;&nbsp;&nbsp;&nbsp; <\/strong>J\u00f8rgen Els\u00f8e Jensen blev genvalgt til formand<\/p>\n\n\n\n<h1 class=\"wp-block-heading\">&nbsp;<\/h1>\n\n\n\n<h1 class=\"wp-block-heading\">Valg til bestyrelse<\/h1>\n\n\n\n<ul class=\"wp-block-list\"><li>Efter tur afgik Hans Boisen<\/li><\/ul>\n\n\n\n<p><strong>&#8211;&nbsp;&nbsp;&nbsp; &nbsp;<\/strong>Hans Boisen modtog genvalg<\/p>\n\n\n\n<ul class=\"wp-block-list\"><li>Mie Boe og Kaj Frandsen forts\u00e6tter som suppleanter<\/li><\/ul>\n\n\n\n<p><strong>Valg af revisorer<\/strong><\/p>\n\n\n\n<ul class=\"wp-block-list\"><li>Kurt Hansen og Mogens Kastrup Jensen blev genvalgt som revisorer<\/li><\/ul>\n\n\n\n<p><strong>Eventuelt<\/strong><\/p>\n\n\n\n<p><strong>&#8211;&nbsp;&nbsp;&nbsp; <\/strong>Til trods for et ikke s\u00e5 stort fremm\u00f8de var der god diskussion og<\/p>\n\n\n\n<p>&nbsp;&nbsp;&nbsp;&nbsp; sp\u00f8rgelyst om foreningens udgivelse af en kalender i \u00e5r.<\/p>\n\n\n\n<p>&nbsp;&nbsp;&nbsp;&nbsp; Kalenderen er blevet positivt modtaget, og der var fin debat om<\/p>\n\n\n\n<p>&nbsp;&nbsp;&nbsp;&nbsp; hvorledes formatet skal v\u00e6re:<br>&nbsp;&nbsp;&nbsp;&nbsp; En kalender samt skrift, hvor kalenderen kan rives ud efter brug?<\/p>\n\n\n\n<p>&nbsp;&nbsp;&nbsp;&nbsp; Skal kalenderen udelades, mens man bibeholder skriftet for \u00e5ret?<\/p>\n\n\n\n<p>&nbsp;&nbsp;&nbsp;&nbsp; Skal man holde sig til et enkelt emne?<\/p>\n\n\n\n<p>&nbsp;&nbsp;&nbsp;&nbsp; Skal der holdes foredrag om emnerne?<\/p>\n\n\n\n<ul class=\"wp-block-list\"><li>J\u00f8rgen Els\u00f8e Jensen sluttede generalforsamlingen med at takke<\/li><\/ul>\n\n\n\n<p>&nbsp;&nbsp;&nbsp;&nbsp;&nbsp;&nbsp;&nbsp;&nbsp;&nbsp;&nbsp;&nbsp;&nbsp;&nbsp;&nbsp;&nbsp;&nbsp;&nbsp;&nbsp;&nbsp;&nbsp;&nbsp;&nbsp;&nbsp;&nbsp;&nbsp;&nbsp;&nbsp;&nbsp;&nbsp;&nbsp;&nbsp;&nbsp;&nbsp;&nbsp;&nbsp;&nbsp;&nbsp; &nbsp;&nbsp;&nbsp;&nbsp; dirigenten og de fremm\u00f8dte<\/p>\n\n\n\n<p>Efter generalforsamlingen fortalte J\u00f8rgen Els\u00f8e Jensen om \u00e5ret 1918,<\/p>\n\n\n\n<p>og hvad netop dette \u00e5r kom til at betyde for verden.<\/p>\n\n\n\n<p>&nbsp;&nbsp;&nbsp;&nbsp;&nbsp;&nbsp;&nbsp;&nbsp;&nbsp;&nbsp;&nbsp;&nbsp;&nbsp;&nbsp;&nbsp;&nbsp;&nbsp;&nbsp; Referent: Charlotte Gorm Bremmer<\/p>\n","protected":false},"excerpt":{"rendered":"<p>HASSERISSTUERNE REFERAT&nbsp;&nbsp;&nbsp;&nbsp;&nbsp;&nbsp;&nbsp;&nbsp;&nbsp;&nbsp;&nbsp;&nbsp;&nbsp;&nbsp;&nbsp;&nbsp;&nbsp;&nbsp;&nbsp; af 22. ordin\u00e6re generalforsamling i Krypten i Hasseris Kirke &nbsp;&nbsp;&nbsp;&nbsp;&nbsp;&nbsp;&nbsp;&nbsp;&nbsp;&nbsp;&nbsp;&nbsp;&nbsp;&nbsp;&nbsp;&nbsp;&nbsp;&nbsp;&nbsp;&nbsp;&nbsp;&nbsp;&nbsp;&nbsp;&nbsp;&nbsp;&nbsp;&nbsp;&nbsp;&nbsp;&nbsp;&nbsp;&nbsp;&nbsp;&nbsp;&nbsp; kl.19.30 DATO&nbsp;&nbsp;&nbsp;&nbsp;&nbsp;&nbsp;&nbsp;&nbsp;&nbsp;&nbsp;&nbsp;&nbsp;&nbsp;&nbsp;&nbsp;&nbsp;&nbsp;&nbsp;&nbsp;&nbsp;&nbsp;&nbsp;&nbsp;&nbsp;&nbsp;&nbsp; 21.3.2018 Formanden J\u00f8rgen Els\u00f8e Jensen b\u00f8d velkommen, og Jens Laursen blev foresl\u00e5et som generalforsamlingens dirigent Dirigenten indledte med at konstatere, at generalforsamlingen var lovligt indvarsletog beslutningsdygtig &hellip; <a href=\"https:\/\/hasserisstuerne.dk\/?page_id=725\">Continued<\/a><\/p>\n","protected":false},"author":1,"featured_media":0,"parent":0,"menu_order":0,"comment_status":"closed","ping_status":"closed","template":"","meta":{"kt_blocks_editor_width":"","footnotes":""},"class_list":["post-725","page","type-page","status-publish","hentry"],"_links":{"self":[{"href":"https:\/\/hasserisstuerne.dk\/index.php?rest_route=\/wp\/v2\/pages\/725","targetHints":{"allow":["GET"]}}],"collection":[{"href":"https:\/\/hasserisstuerne.dk\/index.php?rest_route=\/wp\/v2\/pages"}],"about":[{"href":"https:\/\/hasserisstuerne.dk\/index.php?rest_route=\/wp\/v2\/types\/page"}],"author":[{"embeddable":true,"href":"https:\/\/hasserisstuerne.dk\/index.php?rest_route=\/wp\/v2\/users\/1"}],"replies":[{"embeddable":true,"href":"https:\/\/hasserisstuerne.dk\/index.php?rest_route=%2Fwp%2Fv2%2Fcomments&post=725"}],"version-history":[{"count":1,"href":"https:\/\/hasserisstuerne.dk\/index.php?rest_route=\/wp\/v2\/pages\/725\/revisions"}],"predecessor-version":[{"id":726,"href":"https:\/\/hasserisstuerne.dk\/index.php?rest_route=\/wp\/v2\/pages\/725\/revisions\/726"}],"wp:attachment":[{"href":"https:\/\/hasserisstuerne.dk\/index.php?rest_route=%2Fwp%2Fv2%2Fmedia&parent=725"}],"curies":[{"name":"wp","href":"https:\/\/api.w.org\/{rel}","templated":true}]}}

<p><strong>HASSERISSTUERNE</strong></p>



<p><strong>REFERAT</strong>&nbsp;&nbsp;&nbsp;&nbsp;&nbsp;&nbsp;&nbsp;&nbsp;&nbsp;&nbsp;&nbsp;&nbsp;&nbsp;&nbsp;&nbsp;&nbsp;&nbsp;&nbsp;&nbsp; af 22. ordinære generalforsamling i Krypten i Hasseris Kirke</p>



<p><strong>&nbsp;&nbsp;&nbsp;&nbsp;&nbsp;&nbsp;&nbsp;&nbsp;&nbsp;&nbsp;&nbsp;&nbsp;&nbsp;&nbsp;&nbsp;&nbsp;&nbsp;&nbsp;&nbsp;&nbsp;&nbsp;&nbsp;&nbsp;&nbsp;&nbsp;&nbsp;&nbsp;&nbsp;&nbsp;&nbsp;&nbsp;&nbsp;&nbsp;&nbsp;&nbsp;&nbsp; </strong>kl.19.30</p>



<p><strong>DATO&nbsp;&nbsp;&nbsp;&nbsp;&nbsp;&nbsp;&nbsp;&nbsp;&nbsp;&nbsp;&nbsp;&nbsp;&nbsp;&nbsp;&nbsp;&nbsp;&nbsp;&nbsp;&nbsp;&nbsp;&nbsp;&nbsp;&nbsp;&nbsp;&nbsp;&nbsp; </strong>21.3.2018</p>



<p>Formanden Jørgen Elsøe Jensen bød velkommen, og Jens Laursen blev foreslået som generalforsamlingens dirigent</p>



<p>Dirigenten indledte med at konstatere, at generalforsamlingen var lovligt indvarsletog beslutningsdygtig</p>



<p><strong>Beretning</strong></p>



<p><strong>&#8211;&nbsp;&nbsp;&nbsp;&nbsp; </strong>Formanden gennemgik de enkelte punkter i den udsendte beretning<strong>:</strong></p>



<ul class="wp-block-list"><li>Jørgen Elsøe Jensen indledte med at gennemgå bestyrelsens sammensætning og kunne igen glæde sig over, at foreningen har en solid økonomi og et stabilt medlemstal omkring 90.</li></ul>



<ul class="wp-block-list"><li>Foreningen udsender senere i år en bog om arkitekt Jacob Blegvad med Erik Iversen som forfatter. Erik fortalte om projektet efter generalforsamlingen sidste år, og produktionen forløber efter tidsplanen. Det er en stor satsning, så derfor havde vi ingen planlagt udgivelse i det indeværende forenings år.</li></ul>



<ul class="wp-block-list"><li>Formanden og bestyrelsen med syntes dog, at det var lidt for pauvert ikke at lave et skrift af en slags til medlemmerne; det er jo blevet en tradition. Aase Bak havde vist os en kalender, som en af de andre foreninger i arkivsammen -slutningen havde udsendt. Vi besluttede os, lidt sent måske, at udgive en 14-dages kalender med nyheder fra Hasseris for 100 år siden som tema og at bruge Aalborg Stiftstidende som hovedkilde. Den er jo digitaliseret og lige til at gå til. Bestyrelsen gik med krum hals i gang med de krøllede bogstaver, og efterfølgende blev der stykket en fortælling sammen, som vi håber medlemmerne har fundet interessant. Produktionen trak lidt ud, og vi fik først kalenderen sendt ud i januar. Jeg håber I bærer over med os på det punkt.</li></ul>



<ul class="wp-block-list"><li>Jeg fortæller mere om selve temaet i kalenderen efter generalforsamlingen og vil her blot hæfte mig ved, at den var lidt dyr at producere. Om det skal blive en tradition, vil vi gerne have lidt feedback på fra medlemmerne. Jeg selv synes, det var en fin lille opgave, og året 1918 er måske det mest interessante gennem de sidste 100 år.</li></ul>



<ul class="wp-block-list"><li>Vi har jo sparet en mindre sum sammen i foreningen, og det er i og for sig ikke meningen, at den skal ligge ubrugt hen, så bestyrelsen blev enige om at bruge noget af den på det, der er foreningens formål: at styrke sammenholder her i bydelen.</li></ul>



<ul class="wp-block-list"><li>Det blev til to foredrag, dels med Gorm Henrik Rasmussen den 19.4., dels med Esben Hanefelt Kristensen den 25.10. Vi henvendte os til Hasseris Grund -ejerforening og foreslog, at de på vores vegne inviterede deres medlemmer til arrangementerne, og de blev også annonceret i Nordjyske Stiftstidende. Resultatet blev et stort fremmøde til begge arrangementer, ca. 80 hver gang, samt nogle rigtig gode foredrag, og da publikum yderligere blev beværtet med vin og chips i pausen, var stemningen i top.</li></ul>



<ul class="wp-block-list"><li>Vi er naturligvis glade for det store fremmøde, og at vores opsparede midler kan blive til glæde og gavn for bydelens indbyggere. Lidt uheldigt var det imidlertid, at en del af publikum, som overvejende bestod af Grund -ejerforeningens medlemmer, opfattede foredragene som arrangeret af deres forening. Jeg synes, at jeg gjorde mit bedste for at understrege, at det var Hasserisstuerne, som generøst øsede ud af sine midler; men det må jeg blive bedre til at understrege ved de kommende arrangementer. Det kan bl.a. ske ved, at vi forærer en kalender med en indmeldelsesblanket til de fremmødte.</li></ul>



<p>&nbsp;&nbsp;&nbsp;&nbsp;&nbsp; &nbsp;I den hensigt fik vi trykt et lille ekstra oplag.</p>



<ul class="wp-block-list"><li>Foreningens hjemmeside fungerer efter bestyrelsens mening ganske glimrende, og vi får løbende en hel del henvendelser gennem den indbyggede kontaktservice. Bl.a. har foreningen ad den vej fået et maleri af Klokkestablen forærende af en borger i Aabybro. Det vil blive indlemmet i vores samling, der befinder sig i Nordjyllands Historiske Museums fællesmagasin.</li></ul>



<p>Curt Sloth tager sig af opgaven at være redaktør af hjemmesiden.</p>



<ul class="wp-block-list"><li>Bestyrelsen tillod sig at holde en julefrokost sammen på KUNSTEN oven på det gode år. Aase Bak viste rundt i den tankevækkende udstilling: Vilhelm Lundstrøm og den gode smag.</li></ul>



<ul class="wp-block-list"><li>Jeg vil hermed overgive beretningen til generalforsamlingen.</li></ul>



<p>&nbsp;&nbsp;&nbsp;&nbsp; &nbsp;&nbsp;&nbsp;&nbsp;Beretningen godkendt</p>



<p><strong>Regnskab</strong></p>



<p><strong>&#8211;</strong>&nbsp;&nbsp;&nbsp;&nbsp;&nbsp;&nbsp; Det reviderede regnskab blev fremlagt af Curt Sloth og godkendt</p>



<p><strong>&#8211;</strong>&nbsp;&nbsp;&nbsp;&nbsp;&nbsp; Regnskabet viser et overskud på kr. 1.795,-</p>



<p><strong>&#8211;</strong>&nbsp;&nbsp;&nbsp;&nbsp;&nbsp; Kontingentet (2019) er uændret kr. 100,00</p>



<p><strong>Indkomne forslag</strong></p>



<p>&#8211;&nbsp;&nbsp;&nbsp; Der er ikke indkommet forslag</p>



<h1 class="wp-block-heading">Valg til formand</h1>



<p>&nbsp;&nbsp;&nbsp;&nbsp;&nbsp;&nbsp;&nbsp;&nbsp;&nbsp;&nbsp;&nbsp;&nbsp;&nbsp;&nbsp;&nbsp;&nbsp;&nbsp;&nbsp;&nbsp;&nbsp;&nbsp; <strong>&nbsp;&nbsp;&nbsp;&nbsp;&nbsp;&nbsp;&nbsp; &nbsp;&nbsp;&nbsp;&nbsp;&nbsp;&nbsp;&nbsp;&nbsp;&#8211;&nbsp;&nbsp;&nbsp; </strong>Jørgen Elsøe Jensen blev genvalgt til formand</p>



<h1 class="wp-block-heading">&nbsp;</h1>



<h1 class="wp-block-heading">Valg til bestyrelse</h1>



<ul class="wp-block-list"><li>Efter tur afgik Hans Boisen</li></ul>



<p><strong>&#8211;&nbsp;&nbsp;&nbsp; &nbsp;</strong>Hans Boisen modtog genvalg</p>



<ul class="wp-block-list"><li>Mie Boe og Kaj Frandsen fortsætter som suppleanter</li></ul>



<p><strong>Valg af revisorer</strong></p>



<ul class="wp-block-list"><li>Kurt Hansen og Mogens Kastrup Jensen blev genvalgt som revisorer</li></ul>



<p><strong>Eventuelt</strong></p>



<p><strong>&#8211;&nbsp;&nbsp;&nbsp; </strong>Til trods for et ikke så stort fremmøde var der god diskussion og</p>



<p>&nbsp;&nbsp;&nbsp;&nbsp; spørgelyst om foreningens udgivelse af en kalender i år.</p>



<p>&nbsp;&nbsp;&nbsp;&nbsp; Kalenderen er blevet positivt modtaget, og der var fin debat om</p>



<p>&nbsp;&nbsp;&nbsp;&nbsp; hvorledes formatet skal være:<br>&nbsp;&nbsp;&nbsp;&nbsp; En kalender samt skrift, hvor kalenderen kan rives ud efter brug?</p>



<p>&nbsp;&nbsp;&nbsp;&nbsp; Skal kalenderen udelades, mens man bibeholder skriftet for året?</p>



<p>&nbsp;&nbsp;&nbsp;&nbsp; Skal man holde sig til et enkelt emne?</p>



<p>&nbsp;&nbsp;&nbsp;&nbsp; Skal der holdes foredrag om emnerne?</p>



<ul class="wp-block-list"><li>Jørgen Elsøe Jensen sluttede generalforsamlingen med at takke</li></ul>



<p>&nbsp;&nbsp;&nbsp;&nbsp;&nbsp;&nbsp;&nbsp;&nbsp;&nbsp;&nbsp;&nbsp;&nbsp;&nbsp;&nbsp;&nbsp;&nbsp;&nbsp;&nbsp;&nbsp;&nbsp;&nbsp;&nbsp;&nbsp;&nbsp;&nbsp;&nbsp;&nbsp;&nbsp;&nbsp;&nbsp;&nbsp;&nbsp;&nbsp;&nbsp;&nbsp;&nbsp;&nbsp; &nbsp;&nbsp;&nbsp;&nbsp; dirigenten og de fremmødte</p>



<p>Efter generalforsamlingen fortalte Jørgen Elsøe Jensen om året 1918,</p>



<p>og hvad netop dette år kom til at betyde for verden.</p>



<p>&nbsp;&nbsp;&nbsp;&nbsp;&nbsp;&nbsp;&nbsp;&nbsp;&nbsp;&nbsp;&nbsp;&nbsp;&nbsp;&nbsp;&nbsp;&nbsp;&nbsp;&nbsp; Referent: Charlotte Gorm Bremmer</p>

<p>HASSERISSTUERNE REFERAT&nbsp;&nbsp;&nbsp;&nbsp;&nbsp;&nbsp;&nbsp;&nbsp;&nbsp;&nbsp;&nbsp;&nbsp;&nbsp;&nbsp;&nbsp;&nbsp;&nbsp;&nbsp;&nbsp; af 22. ordinære generalforsamling i Krypten i Hasseris Kirke &nbsp;&nbsp;&nbsp;&nbsp;&nbsp;&nbsp;&nbsp;&nbsp;&nbsp;&nbsp;&nbsp;&nbsp;&nbsp;&nbsp;&nbsp;&nbsp;&nbsp;&nbsp;&nbsp;&nbsp;&nbsp;&nbsp;&nbsp;&nbsp;&nbsp;&nbsp;&nbsp;&nbsp;&nbsp;&nbsp;&nbsp;&nbsp;&nbsp;&nbsp;&nbsp;&nbsp; kl.19.30 DATO&nbsp;&nbsp;&nbsp;&nbsp;&nbsp;&nbsp;&nbsp;&nbsp;&nbsp;&nbsp;&nbsp;&nbsp;&nbsp;&nbsp;&nbsp;&nbsp;&nbsp;&nbsp;&nbsp;&nbsp;&nbsp;&nbsp;&nbsp;&nbsp;&nbsp;&nbsp; 21.3.2018 Formanden Jørgen Elsøe Jensen bød velkommen, og Jens Laursen blev foreslået som generalforsamlingens dirigent Dirigenten indledte med at konstatere, at generalforsamlingen var lovligt indvarsletog beslutningsdygtig &hellip; <a href="https://hasserisstuerne.dk/?page_id=725">Continued</a></p>
