{"id":721,"date":"2021-02-23T16:57:01","date_gmt":"2021-02-23T15:57:01","guid":{"rendered":"http:\/\/hasserisstuerne.conicio.dk\/?page_id=721"},"modified":"2021-02-23T16:57:02","modified_gmt":"2021-02-23T15:57:02","slug":"generalforsamling-2019","status":"publish","type":"page","link":"https:\/\/hasserisstuerne.dk\/?page_id=721","title":{"rendered":"Generalforsamling 2019"},"content":{"rendered":"\n<p><strong>HASSERISSTUERNE<\/strong><\/p>\n\n\n\n<p><strong>REFERAT<\/strong>&nbsp;&nbsp;&nbsp;&nbsp;&nbsp;&nbsp;&nbsp;&nbsp;&nbsp;&nbsp;&nbsp;&nbsp;&nbsp;&nbsp;&nbsp;&nbsp;&nbsp;&nbsp;&nbsp; af 23. ordin\u00e6re generalforsamling i Krypten i Hasseris Kirke<\/p>\n\n\n\n<p><strong>&nbsp;&nbsp;&nbsp;&nbsp;&nbsp;&nbsp;&nbsp;&nbsp;&nbsp;&nbsp;&nbsp;&nbsp;&nbsp;&nbsp;&nbsp;&nbsp;&nbsp;&nbsp;&nbsp;&nbsp;&nbsp;&nbsp;&nbsp;&nbsp;&nbsp;&nbsp;&nbsp;&nbsp;&nbsp;&nbsp;&nbsp;&nbsp;&nbsp;&nbsp;&nbsp;&nbsp; <\/strong>kl.19.30<\/p>\n\n\n\n<p><strong>DATO&nbsp;&nbsp;&nbsp;&nbsp;&nbsp;&nbsp;&nbsp;&nbsp;&nbsp;&nbsp;&nbsp;&nbsp;&nbsp;&nbsp;&nbsp;&nbsp;&nbsp;&nbsp;&nbsp;&nbsp;&nbsp;&nbsp;&nbsp;&nbsp;&nbsp;&nbsp; <\/strong>20.3.2019<\/p>\n\n\n\n<p>Formanden J\u00f8rgen Els\u00f8e Jensen b\u00f8d velkommen, og Jens Laursen blev foresl\u00e5et som generalforsamlingens dirigent<\/p>\n\n\n\n<p>Dirigenten indledte med at konstatere, at generalforsamlingen var lovligt indvarsletog beslutningsdygtig<\/p>\n\n\n\n<p><strong>Beretning<\/strong><\/p>\n\n\n\n<p><strong>&#8211;&nbsp;&nbsp;&nbsp;&nbsp; <\/strong>Formanden gennemgik de enkelte punkter i den udsendte beretning<strong>:<\/strong><\/p>\n\n\n\n<ul class=\"wp-block-list\"><li>J\u00f8rgen Els\u00f8e Jensen indledte med at gennemg\u00e5 bestyrelsens sammens\u00e6tning og kunne desv\u00e6rre oplyse, at for en m\u00e5neds tid siden fik Aase Bak at vide, at hun er s\u00e5 alvorlig syg, at hun er ude af stand til at forts\u00e6tte i bestyrelsen. Det har ber\u00f8rt alle i bestyrelsen meget.<\/li><\/ul>\n\n\n\n<p>Det har ikke v\u00e6ret muligt at finde en afl\u00f8ser for Aase Bak p\u00e5 s\u00e5 kort tid; men bestyrelsen er fuldtallig, for i f\u00f8lge vedt\u00e6gterne skal den best\u00e5 af 5-7 medlemmer, og vi vil samtidig bede generalforsamlingen om lov til evt. at supplere os i den f\u00f8lgende tid for at f\u00e5 et eller to nye bestyrelsesmedlemmer valgt p\u00e5 n\u00e6ste \u00e5rs generalforsamling.<\/p>\n\n\n\n<p>Foreningen har stadig en solid \u00f8konomi, og medlemstallet, som i de sidste par \u00e5r har ligget stabilt p\u00e5 omkring 90, er nu vokset til omkring 100.<\/p>\n\n\n\n<ul class=\"wp-block-list\"><li>Foreningen udsendte i november en bog om arkitekt Jacob Blegvad med Erik Iversen som forfatter. Det skete ved en reception her i Hasseris Kirkes krypt den 20. november, hvor medlemmerne og andre involverede var m\u00f8dt talst\u00e6rkt op. Formanden b\u00f8d velkommen og introducerede projektet, hvorefter Erik Iversen fortalte kort om arbejdet med bogen. Det har v\u00e6ret en stor satsning. Vi havde pengene til at f\u00e5 bogen ud; men det kostede ogs\u00e5 blod, sved og t\u00e5rer at f\u00e5 den gjort klar til trykken inden for den fastlagte deadline.<\/li><\/ul>\n\n\n\n<ul class=\"wp-block-list\"><li>Vi h\u00e5ber selvf\u00f8lgelig, at medlemmerne synes godt om bogen; det kan vi fornemme af det p\u00e6ne eftersalg og den ca. 10% stigning i antallet af medlemmer, som er fulgt med. Desuden har bogen f\u00e5et p\u00e6ne omtaler og &nbsp;&nbsp;&nbsp;&nbsp;en fin lekt\u00f8rudtalelse fra Dansk Biblioteks Center, som er den anmeldelse, &nbsp;&nbsp;&nbsp;&nbsp;&nbsp;der sendes ud til alle biblioteker i landet.<\/li><\/ul>\n\n\n\n<ul class=\"wp-block-list\"><li>Udgivelse af b\u00f8ger og skrifter er en central del af vores virksomhed, og bestyrelsen planl\u00e6gger ogs\u00e5 at udsende et skrift i det indev\u00e6rende \u00e5r. Vi fik positive tilbagemeldinger p\u00e5 vores kalender for 1918\/2018, s\u00e5 vi har valgt at lave lidt om p\u00e5 designet og udsende en \u00e5rbog for Hasseris 1920\/2020. Det altdominerende politiske emne for 100 \u00e5r siden var genforeningen, eller delingen af Slesvig efter en folkeafstemning om det nationale tilh\u00f8rsforhold. Jeg vil fort\u00e6lle ganske kort om denne publikation efter generalforsamlingen.<\/li><\/ul>\n\n\n\n<ul class=\"wp-block-list\"><li>Efter at have afholdt et par foredrag i 2017 har vi sundet os lidt og lagt hovederne i bl\u00f8d for at finde foredragsholdere, som b\u00e5de kunne v\u00e6re interessante for bydelens beboere og til en pris, vi har r\u00e5d til. Det lykkedes ikke helt, men det er oplagt at forts\u00e6tte traditionen og gerne med i det mindste et enkelt foredrag om \u00e5ret. Hvis medlemmerne har gode forslag, m\u00e5 de meget gerne lade os h\u00f8re. Vi har jo, som jeg ogs\u00e5 sagde sidste \u00e5r, sparet &nbsp;en mindre sum sammen, og det er i og for sig ikke meningen, at den skal &nbsp;&nbsp;ligge ubrugt hen, men anvendes til det, der er foreningens form\u00e5l: at styrke sammenholdet her i bydelen.<\/li><\/ul>\n\n\n\n<ul class=\"wp-block-list\"><li>Foreningens hjemmeside fungerer efter bestyrelsens mening ganske glimrende, og vi f\u00e5r l\u00f8bende en hel del henvendelser gennem den indbyggede kontaktformular. Det g\u00e6lder is\u00e6r salg af b\u00f8ger og \u00f8nsker om indmeldelse i foreningen; men ogs\u00e5 lokalhistoriske sp\u00f8rgsm\u00e5l finder vej til os af den kanal.<\/li><\/ul>\n\n\n\n<ul class=\"wp-block-list\"><li>Curt Sloth tager sig af opgaven at v\u00e6re redakt\u00f8r af hjemmesiden. Vi er desuden kommet p\u00e5 Facebook, og der er j\u00e6vnlig trafik p\u00e5 vores \u201dv\u00e6g\u201d. &nbsp;&nbsp;&nbsp;&nbsp;Aase Bak har taget sig af siden, men nu vil jeg fors\u00f8ge at se p\u00e5 den.<\/li><\/ul>\n\n\n\n<ul class=\"wp-block-list\"><li>Bestyrelsen tillod sig at holde en julefrokost sammen p\u00e5 KUNSTEN igen i \u00e5r, hvor Aase Bak viste rundt i den permanente udstilling.<\/li><\/ul>\n\n\n\n<ul class=\"wp-block-list\"><li>Jeg vil hermed overgive beretningen til generalforsamlingen.<\/li><\/ul>\n\n\n\n<p>&nbsp;&nbsp;&nbsp;&nbsp; &nbsp;&nbsp;&nbsp;&nbsp;Beretningen godkendt<\/p>\n\n\n\n<p><strong>Regnskab<\/strong><\/p>\n\n\n\n<p><strong>&#8211;<\/strong>&nbsp;&nbsp;&nbsp;&nbsp;&nbsp;&nbsp; Det reviderede regnskab blev fremlagt af Curt Sloth og godkendt<\/p>\n\n\n\n<p><strong>&#8211;<\/strong>&nbsp;&nbsp;&nbsp;&nbsp;&nbsp; Regnskabet viser et overskud p\u00e5 kr.11.535,-<\/p>\n\n\n\n<p><strong>&#8211;<\/strong>&nbsp;&nbsp;&nbsp;&nbsp;&nbsp; Kontingentet (2020) er u\u00e6ndret kr. 100,00<\/p>\n\n\n\n<p><strong>Indkomne forslag<\/strong><\/p>\n\n\n\n<p>&#8211;&nbsp;&nbsp;&nbsp; Der er ikke indkommet forslag<\/p>\n\n\n\n<p><strong>Valg til formand<\/strong><\/p>\n\n\n\n<p>&nbsp;&nbsp;&nbsp;&nbsp;&nbsp;&nbsp;&nbsp;&nbsp;&nbsp;&nbsp;&nbsp;&nbsp;&nbsp;&nbsp;&nbsp;&nbsp;&nbsp;&nbsp;&nbsp;&nbsp;&nbsp; <strong>&nbsp;&nbsp;&nbsp;&nbsp;&nbsp;&nbsp;&nbsp;&nbsp;&nbsp;&nbsp;&nbsp;&nbsp;&nbsp;&nbsp;&nbsp; &#8211;&nbsp;&nbsp;&nbsp; <\/strong>J\u00f8rgen Els\u00f8e Jensen blev genvalgt til formand<\/p>\n\n\n\n<p><strong>Valg til bestyrelse<\/strong><\/p>\n\n\n\n<ul class=\"wp-block-list\"><li>Efter tur afgik Birgitte Pilgaard, Curt Sloth og Charlotte Gorm Bremmer<\/li><\/ul>\n\n\n\n<p><strong>&#8211;&nbsp;&nbsp;&nbsp;&nbsp; <\/strong>Alle modtog genvalg<\/p>\n\n\n\n<ul class=\"wp-block-list\"><li>Mie Boe og Kaj Frandsen forts\u00e6tter som suppleanter<\/li><\/ul>\n\n\n\n<p><strong>Valg af revisorer<\/strong><\/p>\n\n\n\n<ul class=\"wp-block-list\"><li>Kurt Hansen og Mogens Kastrup Jensen blev genvalgt som revisorer<\/li><\/ul>\n\n\n\n<p><strong>Eventuelt<\/strong><\/p>\n\n\n\n<p><strong>&#8211;&nbsp;&nbsp;&nbsp; <\/strong>Ogs\u00e5 i \u00e5r var der god diskussion og snak b\u00e5de om foreningen og ikke&nbsp;&nbsp;&nbsp;&nbsp;&nbsp;&nbsp;&nbsp;&nbsp;&nbsp;&nbsp;&nbsp;&nbsp;&nbsp;&nbsp;&nbsp;&nbsp;&nbsp;&nbsp;&nbsp;&nbsp;&nbsp;&nbsp;&nbsp;&nbsp; &nbsp;&nbsp;&nbsp;&nbsp;&nbsp;&nbsp;&nbsp;&nbsp;&nbsp;&nbsp;&nbsp;&nbsp;&nbsp;&nbsp;&nbsp;&nbsp;&nbsp;&nbsp;&nbsp;&nbsp;<\/p>\n\n\n\n<p>&nbsp;&nbsp;&nbsp;&nbsp; mindst om \u00e5ret 1920, som vil danne grundlag for kalenderen for 2020.<\/p>\n\n\n\n<ul class=\"wp-block-list\"><li>J\u00f8rgen Els\u00f8e Jensen sluttede generalforsamlingen med at takke<\/li><\/ul>\n\n\n\n<p>&nbsp;&nbsp;&nbsp;&nbsp;&nbsp;&nbsp;&nbsp;&nbsp;&nbsp;&nbsp;&nbsp;&nbsp;&nbsp;&nbsp;&nbsp;&nbsp;&nbsp;&nbsp;&nbsp;&nbsp;&nbsp;&nbsp;&nbsp;&nbsp;&nbsp;&nbsp;&nbsp;&nbsp;&nbsp;&nbsp;&nbsp;&nbsp;&nbsp;&nbsp;&nbsp;&nbsp;&nbsp; &nbsp;&nbsp;&nbsp;&nbsp; dirigenten og de fremm\u00f8dte<\/p>\n\n\n\n<p>Efter generalforsamlingen fortalte J\u00f8rgen Els\u00f8e Jensen om \u00e5ret 1920,&nbsp;&nbsp;&nbsp;&nbsp;&nbsp;&nbsp;&nbsp; og hvad netop dette \u00e5r med de nye gr\u00e6nser kom til at betyde for verden.<\/p>\n\n\n\n<p>&nbsp;&nbsp;&nbsp;&nbsp;&nbsp;&nbsp;&nbsp;&nbsp;&nbsp;&nbsp;&nbsp;&nbsp;&nbsp;&nbsp;&nbsp;&nbsp;&nbsp;&nbsp; Referent: Charlotte Gorm Bremmer<\/p>\n","protected":false},"excerpt":{"rendered":"<p>HASSERISSTUERNE REFERAT&nbsp;&nbsp;&nbsp;&nbsp;&nbsp;&nbsp;&nbsp;&nbsp;&nbsp;&nbsp;&nbsp;&nbsp;&nbsp;&nbsp;&nbsp;&nbsp;&nbsp;&nbsp;&nbsp; af 23. ordin\u00e6re generalforsamling i Krypten i Hasseris Kirke &nbsp;&nbsp;&nbsp;&nbsp;&nbsp;&nbsp;&nbsp;&nbsp;&nbsp;&nbsp;&nbsp;&nbsp;&nbsp;&nbsp;&nbsp;&nbsp;&nbsp;&nbsp;&nbsp;&nbsp;&nbsp;&nbsp;&nbsp;&nbsp;&nbsp;&nbsp;&nbsp;&nbsp;&nbsp;&nbsp;&nbsp;&nbsp;&nbsp;&nbsp;&nbsp;&nbsp; kl.19.30 DATO&nbsp;&nbsp;&nbsp;&nbsp;&nbsp;&nbsp;&nbsp;&nbsp;&nbsp;&nbsp;&nbsp;&nbsp;&nbsp;&nbsp;&nbsp;&nbsp;&nbsp;&nbsp;&nbsp;&nbsp;&nbsp;&nbsp;&nbsp;&nbsp;&nbsp;&nbsp; 20.3.2019 Formanden J\u00f8rgen Els\u00f8e Jensen b\u00f8d velkommen, og Jens Laursen blev foresl\u00e5et som generalforsamlingens dirigent Dirigenten indledte med at konstatere, at generalforsamlingen var lovligt indvarsletog beslutningsdygtig &hellip; <a href=\"https:\/\/hasserisstuerne.dk\/?page_id=721\">Continued<\/a><\/p>\n","protected":false},"author":1,"featured_media":0,"parent":0,"menu_order":0,"comment_status":"closed","ping_status":"closed","template":"","meta":{"kt_blocks_editor_width":"","footnotes":""},"class_list":["post-721","page","type-page","status-publish","hentry"],"_links":{"self":[{"href":"https:\/\/hasserisstuerne.dk\/index.php?rest_route=\/wp\/v2\/pages\/721","targetHints":{"allow":["GET"]}}],"collection":[{"href":"https:\/\/hasserisstuerne.dk\/index.php?rest_route=\/wp\/v2\/pages"}],"about":[{"href":"https:\/\/hasserisstuerne.dk\/index.php?rest_route=\/wp\/v2\/types\/page"}],"author":[{"embeddable":true,"href":"https:\/\/hasserisstuerne.dk\/index.php?rest_route=\/wp\/v2\/users\/1"}],"replies":[{"embeddable":true,"href":"https:\/\/hasserisstuerne.dk\/index.php?rest_route=%2Fwp%2Fv2%2Fcomments&post=721"}],"version-history":[{"count":1,"href":"https:\/\/hasserisstuerne.dk\/index.php?rest_route=\/wp\/v2\/pages\/721\/revisions"}],"predecessor-version":[{"id":722,"href":"https:\/\/hasserisstuerne.dk\/index.php?rest_route=\/wp\/v2\/pages\/721\/revisions\/722"}],"wp:attachment":[{"href":"https:\/\/hasserisstuerne.dk\/index.php?rest_route=%2Fwp%2Fv2%2Fmedia&parent=721"}],"curies":[{"name":"wp","href":"https:\/\/api.w.org\/{rel}","templated":true}]}}

<p><strong>HASSERISSTUERNE</strong></p>



<p><strong>REFERAT</strong>&nbsp;&nbsp;&nbsp;&nbsp;&nbsp;&nbsp;&nbsp;&nbsp;&nbsp;&nbsp;&nbsp;&nbsp;&nbsp;&nbsp;&nbsp;&nbsp;&nbsp;&nbsp;&nbsp; af 23. ordinære generalforsamling i Krypten i Hasseris Kirke</p>



<p><strong>&nbsp;&nbsp;&nbsp;&nbsp;&nbsp;&nbsp;&nbsp;&nbsp;&nbsp;&nbsp;&nbsp;&nbsp;&nbsp;&nbsp;&nbsp;&nbsp;&nbsp;&nbsp;&nbsp;&nbsp;&nbsp;&nbsp;&nbsp;&nbsp;&nbsp;&nbsp;&nbsp;&nbsp;&nbsp;&nbsp;&nbsp;&nbsp;&nbsp;&nbsp;&nbsp;&nbsp; </strong>kl.19.30</p>



<p><strong>DATO&nbsp;&nbsp;&nbsp;&nbsp;&nbsp;&nbsp;&nbsp;&nbsp;&nbsp;&nbsp;&nbsp;&nbsp;&nbsp;&nbsp;&nbsp;&nbsp;&nbsp;&nbsp;&nbsp;&nbsp;&nbsp;&nbsp;&nbsp;&nbsp;&nbsp;&nbsp; </strong>20.3.2019</p>



<p>Formanden Jørgen Elsøe Jensen bød velkommen, og Jens Laursen blev foreslået som generalforsamlingens dirigent</p>



<p>Dirigenten indledte med at konstatere, at generalforsamlingen var lovligt indvarsletog beslutningsdygtig</p>



<p><strong>Beretning</strong></p>



<p><strong>&#8211;&nbsp;&nbsp;&nbsp;&nbsp; </strong>Formanden gennemgik de enkelte punkter i den udsendte beretning<strong>:</strong></p>



<ul class="wp-block-list"><li>Jørgen Elsøe Jensen indledte med at gennemgå bestyrelsens sammensætning og kunne desværre oplyse, at for en måneds tid siden fik Aase Bak at vide, at hun er så alvorlig syg, at hun er ude af stand til at fortsætte i bestyrelsen. Det har berørt alle i bestyrelsen meget.</li></ul>



<p>Det har ikke været muligt at finde en afløser for Aase Bak på så kort tid; men bestyrelsen er fuldtallig, for i følge vedtægterne skal den bestå af 5-7 medlemmer, og vi vil samtidig bede generalforsamlingen om lov til evt. at supplere os i den følgende tid for at få et eller to nye bestyrelsesmedlemmer valgt på næste års generalforsamling.</p>



<p>Foreningen har stadig en solid økonomi, og medlemstallet, som i de sidste par år har ligget stabilt på omkring 90, er nu vokset til omkring 100.</p>



<ul class="wp-block-list"><li>Foreningen udsendte i november en bog om arkitekt Jacob Blegvad med Erik Iversen som forfatter. Det skete ved en reception her i Hasseris Kirkes krypt den 20. november, hvor medlemmerne og andre involverede var mødt talstærkt op. Formanden bød velkommen og introducerede projektet, hvorefter Erik Iversen fortalte kort om arbejdet med bogen. Det har været en stor satsning. Vi havde pengene til at få bogen ud; men det kostede også blod, sved og tårer at få den gjort klar til trykken inden for den fastlagte deadline.</li></ul>



<ul class="wp-block-list"><li>Vi håber selvfølgelig, at medlemmerne synes godt om bogen; det kan vi fornemme af det pæne eftersalg og den ca. 10% stigning i antallet af medlemmer, som er fulgt med. Desuden har bogen fået pæne omtaler og &nbsp;&nbsp;&nbsp;&nbsp;en fin lektørudtalelse fra Dansk Biblioteks Center, som er den anmeldelse, &nbsp;&nbsp;&nbsp;&nbsp;&nbsp;der sendes ud til alle biblioteker i landet.</li></ul>



<ul class="wp-block-list"><li>Udgivelse af bøger og skrifter er en central del af vores virksomhed, og bestyrelsen planlægger også at udsende et skrift i det indeværende år. Vi fik positive tilbagemeldinger på vores kalender for 1918/2018, så vi har valgt at lave lidt om på designet og udsende en årbog for Hasseris 1920/2020. Det altdominerende politiske emne for 100 år siden var genforeningen, eller delingen af Slesvig efter en folkeafstemning om det nationale tilhørsforhold. Jeg vil fortælle ganske kort om denne publikation efter generalforsamlingen.</li></ul>



<ul class="wp-block-list"><li>Efter at have afholdt et par foredrag i 2017 har vi sundet os lidt og lagt hovederne i blød for at finde foredragsholdere, som både kunne være interessante for bydelens beboere og til en pris, vi har råd til. Det lykkedes ikke helt, men det er oplagt at fortsætte traditionen og gerne med i det mindste et enkelt foredrag om året. Hvis medlemmerne har gode forslag, må de meget gerne lade os høre. Vi har jo, som jeg også sagde sidste år, sparet &nbsp;en mindre sum sammen, og det er i og for sig ikke meningen, at den skal &nbsp;&nbsp;ligge ubrugt hen, men anvendes til det, der er foreningens formål: at styrke sammenholdet her i bydelen.</li></ul>



<ul class="wp-block-list"><li>Foreningens hjemmeside fungerer efter bestyrelsens mening ganske glimrende, og vi får løbende en hel del henvendelser gennem den indbyggede kontaktformular. Det gælder især salg af bøger og ønsker om indmeldelse i foreningen; men også lokalhistoriske spørgsmål finder vej til os af den kanal.</li></ul>



<ul class="wp-block-list"><li>Curt Sloth tager sig af opgaven at være redaktør af hjemmesiden. Vi er desuden kommet på Facebook, og der er jævnlig trafik på vores ”væg”. &nbsp;&nbsp;&nbsp;&nbsp;Aase Bak har taget sig af siden, men nu vil jeg forsøge at se på den.</li></ul>



<ul class="wp-block-list"><li>Bestyrelsen tillod sig at holde en julefrokost sammen på KUNSTEN igen i år, hvor Aase Bak viste rundt i den permanente udstilling.</li></ul>



<ul class="wp-block-list"><li>Jeg vil hermed overgive beretningen til generalforsamlingen.</li></ul>



<p>&nbsp;&nbsp;&nbsp;&nbsp; &nbsp;&nbsp;&nbsp;&nbsp;Beretningen godkendt</p>



<p><strong>Regnskab</strong></p>



<p><strong>&#8211;</strong>&nbsp;&nbsp;&nbsp;&nbsp;&nbsp;&nbsp; Det reviderede regnskab blev fremlagt af Curt Sloth og godkendt</p>



<p><strong>&#8211;</strong>&nbsp;&nbsp;&nbsp;&nbsp;&nbsp; Regnskabet viser et overskud på kr.11.535,-</p>



<p><strong>&#8211;</strong>&nbsp;&nbsp;&nbsp;&nbsp;&nbsp; Kontingentet (2020) er uændret kr. 100,00</p>



<p><strong>Indkomne forslag</strong></p>



<p>&#8211;&nbsp;&nbsp;&nbsp; Der er ikke indkommet forslag</p>



<p><strong>Valg til formand</strong></p>



<p>&nbsp;&nbsp;&nbsp;&nbsp;&nbsp;&nbsp;&nbsp;&nbsp;&nbsp;&nbsp;&nbsp;&nbsp;&nbsp;&nbsp;&nbsp;&nbsp;&nbsp;&nbsp;&nbsp;&nbsp;&nbsp; <strong>&nbsp;&nbsp;&nbsp;&nbsp;&nbsp;&nbsp;&nbsp;&nbsp;&nbsp;&nbsp;&nbsp;&nbsp;&nbsp;&nbsp;&nbsp; &#8211;&nbsp;&nbsp;&nbsp; </strong>Jørgen Elsøe Jensen blev genvalgt til formand</p>



<p><strong>Valg til bestyrelse</strong></p>



<ul class="wp-block-list"><li>Efter tur afgik Birgitte Pilgaard, Curt Sloth og Charlotte Gorm Bremmer</li></ul>



<p><strong>&#8211;&nbsp;&nbsp;&nbsp;&nbsp; </strong>Alle modtog genvalg</p>



<ul class="wp-block-list"><li>Mie Boe og Kaj Frandsen fortsætter som suppleanter</li></ul>



<p><strong>Valg af revisorer</strong></p>



<ul class="wp-block-list"><li>Kurt Hansen og Mogens Kastrup Jensen blev genvalgt som revisorer</li></ul>



<p><strong>Eventuelt</strong></p>



<p><strong>&#8211;&nbsp;&nbsp;&nbsp; </strong>Også i år var der god diskussion og snak både om foreningen og ikke&nbsp;&nbsp;&nbsp;&nbsp;&nbsp;&nbsp;&nbsp;&nbsp;&nbsp;&nbsp;&nbsp;&nbsp;&nbsp;&nbsp;&nbsp;&nbsp;&nbsp;&nbsp;&nbsp;&nbsp;&nbsp;&nbsp;&nbsp;&nbsp; &nbsp;&nbsp;&nbsp;&nbsp;&nbsp;&nbsp;&nbsp;&nbsp;&nbsp;&nbsp;&nbsp;&nbsp;&nbsp;&nbsp;&nbsp;&nbsp;&nbsp;&nbsp;&nbsp;&nbsp;</p>



<p>&nbsp;&nbsp;&nbsp;&nbsp; mindst om året 1920, som vil danne grundlag for kalenderen for 2020.</p>



<ul class="wp-block-list"><li>Jørgen Elsøe Jensen sluttede generalforsamlingen med at takke</li></ul>



<p>&nbsp;&nbsp;&nbsp;&nbsp;&nbsp;&nbsp;&nbsp;&nbsp;&nbsp;&nbsp;&nbsp;&nbsp;&nbsp;&nbsp;&nbsp;&nbsp;&nbsp;&nbsp;&nbsp;&nbsp;&nbsp;&nbsp;&nbsp;&nbsp;&nbsp;&nbsp;&nbsp;&nbsp;&nbsp;&nbsp;&nbsp;&nbsp;&nbsp;&nbsp;&nbsp;&nbsp;&nbsp; &nbsp;&nbsp;&nbsp;&nbsp; dirigenten og de fremmødte</p>



<p>Efter generalforsamlingen fortalte Jørgen Elsøe Jensen om året 1920,&nbsp;&nbsp;&nbsp;&nbsp;&nbsp;&nbsp;&nbsp; og hvad netop dette år med de nye grænser kom til at betyde for verden.</p>



<p>&nbsp;&nbsp;&nbsp;&nbsp;&nbsp;&nbsp;&nbsp;&nbsp;&nbsp;&nbsp;&nbsp;&nbsp;&nbsp;&nbsp;&nbsp;&nbsp;&nbsp;&nbsp; Referent: Charlotte Gorm Bremmer</p>

<p>HASSERISSTUERNE REFERAT&nbsp;&nbsp;&nbsp;&nbsp;&nbsp;&nbsp;&nbsp;&nbsp;&nbsp;&nbsp;&nbsp;&nbsp;&nbsp;&nbsp;&nbsp;&nbsp;&nbsp;&nbsp;&nbsp; af 23. ordinære generalforsamling i Krypten i Hasseris Kirke &nbsp;&nbsp;&nbsp;&nbsp;&nbsp;&nbsp;&nbsp;&nbsp;&nbsp;&nbsp;&nbsp;&nbsp;&nbsp;&nbsp;&nbsp;&nbsp;&nbsp;&nbsp;&nbsp;&nbsp;&nbsp;&nbsp;&nbsp;&nbsp;&nbsp;&nbsp;&nbsp;&nbsp;&nbsp;&nbsp;&nbsp;&nbsp;&nbsp;&nbsp;&nbsp;&nbsp; kl.19.30 DATO&nbsp;&nbsp;&nbsp;&nbsp;&nbsp;&nbsp;&nbsp;&nbsp;&nbsp;&nbsp;&nbsp;&nbsp;&nbsp;&nbsp;&nbsp;&nbsp;&nbsp;&nbsp;&nbsp;&nbsp;&nbsp;&nbsp;&nbsp;&nbsp;&nbsp;&nbsp; 20.3.2019 Formanden Jørgen Elsøe Jensen bød velkommen, og Jens Laursen blev foreslået som generalforsamlingens dirigent Dirigenten indledte med at konstatere, at generalforsamlingen var lovligt indvarsletog beslutningsdygtig &hellip; <a href="https://hasserisstuerne.dk/?page_id=721">Continued</a></p>
