{"id":490,"date":"2021-02-20T00:31:38","date_gmt":"2021-02-19T23:31:38","guid":{"rendered":"http:\/\/hasserisstuerne.conicio.dk\/?page_id=490"},"modified":"2021-02-24T18:16:23","modified_gmt":"2021-02-24T17:16:23","slug":"gaarden-der-flyttede-fra-byen","status":"publish","type":"page","link":"https:\/\/hasserisstuerne.dk\/?page_id=490","title":{"rendered":"G\u00e5rden der flyttede fra byen"},"content":{"rendered":"<style>#kt-layout-id_d7060b-6b > .kt-row-column-wrap{align-content:start;}:where(#kt-layout-id_d7060b-6b > .kt-row-column-wrap) > .wp-block-kadence-column{justify-content:start;}#kt-layout-id_d7060b-6b > .kt-row-column-wrap{column-gap:var(--global-kb-gap-md, 2rem);row-gap:var(--global-kb-gap-md, 2rem);padding-top:var( --global-kb-row-default-top, 25px );padding-bottom:var( --global-kb-row-default-bottom, 25px );padding-top:var(--global-kb-spacing-sm, 1.5rem);padding-bottom:var(--global-kb-spacing-sm, 1.5rem);grid-template-columns:minmax(0, 1fr);}#kt-layout-id_d7060b-6b > .kt-row-layout-overlay{opacity:0.30;}@media all and (max-width: 1024px){#kt-layout-id_d7060b-6b > .kt-row-column-wrap{grid-template-columns:minmax(0, 1fr);}}@media all and (max-width: 767px){#kt-layout-id_d7060b-6b > .kt-row-column-wrap{grid-template-columns:minmax(0, 1fr);}}<\/style>\n<div class=\"wp-block-kadence-rowlayout alignnone\"><div id=\"kt-layout-id_d7060b-6b\" class=\"kt-row-layout-inner kt-layout-id_d7060b-6b\"><div class=\"kt-row-column-wrap kt-has-1-columns kt-gutter-default kt-v-gutter-default kt-row-valign-top kt-row-layout-equal kt-tab-layout-inherit kt-m-colapse-left-to-right kt-mobile-layout-row\"><style>.kadence-column_890782-c1 > .kt-inside-inner-col{border-top-width:0px;border-right-width:0px;border-bottom-width:0px;border-left-width:0px;}.kadence-column_890782-c1 > .kt-inside-inner-col,.kadence-column_890782-c1 > .kt-inside-inner-col:before{border-top-left-radius:0px;border-top-right-radius:0px;border-bottom-right-radius:0px;border-bottom-left-radius:0px;}.kadence-column_890782-c1 > .kt-inside-inner-col{column-gap:var(--global-kb-gap-sm, 1rem);}.kadence-column_890782-c1 > .kt-inside-inner-col{flex-direction:column;}.kadence-column_890782-c1 > .kt-inside-inner-col > .aligncenter{width:100%;}.kadence-column_890782-c1 > .kt-inside-inner-col:before{opacity:0.3;}.kadence-column_890782-c1{position:relative;}@media all and (max-width: 1024px){.kadence-column_890782-c1 > .kt-inside-inner-col{flex-direction:column;justify-content:center;}}@media all and (max-width: 767px){.kadence-column_890782-c1 > .kt-inside-inner-col{flex-direction:column;justify-content:center;}}<\/style>\n<div class=\"wp-block-kadence-column inner-column-1 kadence-column_890782-c1\"><div class=\"kt-inside-inner-col\">\n<figure class=\"wp-block-image size-large is-resized\"><img loading=\"lazy\" decoding=\"async\" src=\"https:\/\/hasserisstuerne.dk\/wp-content\/uploads\/2021\/02\/svalegaard-banner.jpg\" alt=\"\" class=\"wp-image-53\" width=\"763\" height=\"332\" srcset=\"https:\/\/hasserisstuerne.dk\/wp-content\/uploads\/2021\/02\/svalegaard-banner.jpg 499w, https:\/\/hasserisstuerne.dk\/wp-content\/uploads\/2021\/02\/svalegaard-banner-300x130.jpg 300w\" sizes=\"auto, (max-width: 763px) 100vw, 763px\" \/><\/figure>\n\n\n<style>#kt-layout-id_9737ac-d8 > .kt-row-column-wrap{align-content:start;}:where(#kt-layout-id_9737ac-d8 > .kt-row-column-wrap) > .wp-block-kadence-column{justify-content:start;}#kt-layout-id_9737ac-d8 > .kt-row-column-wrap{column-gap:var(--global-kb-gap-md, 2rem);row-gap:var(--global-kb-gap-md, 2rem);padding-top:var( --global-kb-row-default-top, 25px );padding-bottom:var( --global-kb-row-default-bottom, 25px );padding-top:var(--global-kb-spacing-sm, 1.5rem);padding-bottom:var(--global-kb-spacing-sm, 1.5rem);grid-template-columns:repeat(2, minmax(0, 1fr));}#kt-layout-id_9737ac-d8 > .kt-row-layout-overlay{opacity:0.30;}@media all and (max-width: 1024px){#kt-layout-id_9737ac-d8 > .kt-row-column-wrap{grid-template-columns:repeat(2, minmax(0, 1fr));}}@media all and (max-width: 767px){#kt-layout-id_9737ac-d8 > .kt-row-column-wrap{grid-template-columns:minmax(0, 1fr);}}<\/style>\n<div class=\"wp-block-kadence-rowlayout alignnone\"><div id=\"kt-layout-id_9737ac-d8\" class=\"kt-row-layout-inner kt-layout-id_9737ac-d8\"><div class=\"kt-row-column-wrap kt-has-2-columns kt-gutter-default kt-v-gutter-default kt-row-valign-top kt-row-layout-equal kt-tab-layout-inherit kt-m-colapse-left-to-right kt-mobile-layout-row\"><style>.kadence-column_cdc586-c7 > .kt-inside-inner-col{border-top-width:0px;border-right-width:0px;border-bottom-width:0px;border-left-width:0px;}.kadence-column_cdc586-c7 > .kt-inside-inner-col,.kadence-column_cdc586-c7 > .kt-inside-inner-col:before{border-top-left-radius:0px;border-top-right-radius:0px;border-bottom-right-radius:0px;border-bottom-left-radius:0px;}.kadence-column_cdc586-c7 > .kt-inside-inner-col{column-gap:var(--global-kb-gap-sm, 1rem);}.kadence-column_cdc586-c7 > .kt-inside-inner-col{flex-direction:column;}.kadence-column_cdc586-c7 > .kt-inside-inner-col > .aligncenter{width:100%;}.kadence-column_cdc586-c7 > .kt-inside-inner-col:before{opacity:0.3;}.kadence-column_cdc586-c7{position:relative;}@media all and (max-width: 1024px){.kadence-column_cdc586-c7 > .kt-inside-inner-col{flex-direction:column;justify-content:center;}}@media all and (max-width: 767px){.kadence-column_cdc586-c7 > .kt-inside-inner-col{flex-direction:column;justify-content:center;}}<\/style>\n<div class=\"wp-block-kadence-column inner-column-1 kadence-column_cdc586-c7\"><div class=\"kt-inside-inner-col\">\n<p>Svalegaarden l\u00e5 oprindeligt p\u00e5 Nytorv i Aalborg og bestod af to ejendomme fra 1600-\u00e5renes begyndelse, som blev lagt sammen til \u00e9n kort f\u00f8r \u00e5r 1700. \u00e5 fotoet kan du se Svalegaarden som den oprindeligt l\u00e5 p\u00e5 Nytorv midt i Aalborg. I dag ligger stormagasinet &#8220;Salling&#8221; der.<\/p>\n<\/div><\/div>\n\n\n<style>.kadence-column_f52be0-29 > .kt-inside-inner-col{border-top-width:0px;border-right-width:0px;border-bottom-width:0px;border-left-width:0px;}.kadence-column_f52be0-29 > .kt-inside-inner-col,.kadence-column_f52be0-29 > .kt-inside-inner-col:before{border-top-left-radius:0px;border-top-right-radius:0px;border-bottom-right-radius:0px;border-bottom-left-radius:0px;}.kadence-column_f52be0-29 > .kt-inside-inner-col{column-gap:var(--global-kb-gap-sm, 1rem);}.kadence-column_f52be0-29 > .kt-inside-inner-col{flex-direction:column;}.kadence-column_f52be0-29 > .kt-inside-inner-col > .aligncenter{width:100%;}.kadence-column_f52be0-29 > .kt-inside-inner-col:before{opacity:0.3;}.kadence-column_f52be0-29{position:relative;}@media all and (max-width: 1024px){.kadence-column_f52be0-29 > .kt-inside-inner-col{flex-direction:column;justify-content:center;}}@media all and (max-width: 767px){.kadence-column_f52be0-29 > .kt-inside-inner-col{flex-direction:column;justify-content:center;}}<\/style>\n<div class=\"wp-block-kadence-column inner-column-2 kadence-column_f52be0-29\"><div class=\"kt-inside-inner-col\">\n<figure class=\"wp-block-image size-large is-resized\"><img loading=\"lazy\" decoding=\"async\" src=\"https:\/\/hasserisstuerne.dk\/wp-content\/uploads\/2021\/02\/ht22stor.jpg\" alt=\"\" class=\"wp-image-54\" width=\"377\" height=\"275\" srcset=\"https:\/\/hasserisstuerne.dk\/wp-content\/uploads\/2021\/02\/ht22stor.jpg 800w, https:\/\/hasserisstuerne.dk\/wp-content\/uploads\/2021\/02\/ht22stor-300x220.jpg 300w, https:\/\/hasserisstuerne.dk\/wp-content\/uploads\/2021\/02\/ht22stor-768x563.jpg 768w\" sizes=\"auto, (max-width: 377px) 100vw, 377px\" \/><\/figure>\n<\/div><\/div>\n<\/div><\/div><\/div>\n\n\n<style>#kt-layout-id_0b5948-1d > .kt-row-column-wrap{align-content:start;}:where(#kt-layout-id_0b5948-1d > .kt-row-column-wrap) > .wp-block-kadence-column{justify-content:start;}#kt-layout-id_0b5948-1d > .kt-row-column-wrap{column-gap:var(--global-kb-gap-md, 2rem);row-gap:var(--global-kb-gap-md, 2rem);padding-top:var( --global-kb-row-default-top, 25px );padding-bottom:var( --global-kb-row-default-bottom, 25px );padding-top:var(--global-kb-spacing-sm, 1.5rem);padding-bottom:var(--global-kb-spacing-sm, 1.5rem);grid-template-columns:repeat(2, minmax(0, 1fr));}#kt-layout-id_0b5948-1d > .kt-row-layout-overlay{opacity:0.30;}@media all and (max-width: 1024px){#kt-layout-id_0b5948-1d > .kt-row-column-wrap{grid-template-columns:repeat(2, minmax(0, 1fr));}}@media all and (max-width: 767px){#kt-layout-id_0b5948-1d > .kt-row-column-wrap{grid-template-columns:minmax(0, 1fr);}}<\/style>\n<div class=\"wp-block-kadence-rowlayout alignnone\"><div id=\"kt-layout-id_0b5948-1d\" class=\"kt-row-layout-inner kt-layout-id_0b5948-1d\"><div class=\"kt-row-column-wrap kt-has-2-columns kt-gutter-default kt-v-gutter-default kt-row-valign-top kt-row-layout-equal kt-tab-layout-inherit kt-m-colapse-left-to-right kt-mobile-layout-row\"><style>.kadence-column_ba2399-f7 > .kt-inside-inner-col{border-top-width:0px;border-right-width:0px;border-bottom-width:0px;border-left-width:0px;}.kadence-column_ba2399-f7 > .kt-inside-inner-col,.kadence-column_ba2399-f7 > .kt-inside-inner-col:before{border-top-left-radius:0px;border-top-right-radius:0px;border-bottom-right-radius:0px;border-bottom-left-radius:0px;}.kadence-column_ba2399-f7 > .kt-inside-inner-col{column-gap:var(--global-kb-gap-sm, 1rem);}.kadence-column_ba2399-f7 > .kt-inside-inner-col{flex-direction:column;}.kadence-column_ba2399-f7 > .kt-inside-inner-col > .aligncenter{width:100%;}.kadence-column_ba2399-f7 > .kt-inside-inner-col:before{opacity:0.3;}.kadence-column_ba2399-f7{position:relative;}@media all and (max-width: 1024px){.kadence-column_ba2399-f7 > .kt-inside-inner-col{flex-direction:column;justify-content:center;}}@media all and (max-width: 767px){.kadence-column_ba2399-f7 > .kt-inside-inner-col{flex-direction:column;justify-content:center;}}<\/style>\n<div class=\"wp-block-kadence-column inner-column-1 kadence-column_ba2399-f7\"><div class=\"kt-inside-inner-col\">\n<p>Nytorv<\/p>\n\n\n\n<p>Hele den interessante historie er beskrevet i Hasserisstuernes skrift &#8220;Svalegaarden i Hasseris&#8221;. <a href=\"file:\/\/\/C:\/Users\/curts\/OneDrive\/Hasserisstuerne\/hjemmesidekopi\/hasserisstuerne\/www.hasserisstuerne.dk\/om\/udgivelser.html\">Se vores udgivelser her.<\/a><\/p>\n<\/div><\/div>\n\n\n<style>.kadence-column_086e65-50 > .kt-inside-inner-col{border-top-width:0px;border-right-width:0px;border-bottom-width:0px;border-left-width:0px;}.kadence-column_086e65-50 > .kt-inside-inner-col,.kadence-column_086e65-50 > .kt-inside-inner-col:before{border-top-left-radius:0px;border-top-right-radius:0px;border-bottom-right-radius:0px;border-bottom-left-radius:0px;}.kadence-column_086e65-50 > .kt-inside-inner-col{column-gap:var(--global-kb-gap-sm, 1rem);}.kadence-column_086e65-50 > .kt-inside-inner-col{flex-direction:column;}.kadence-column_086e65-50 > .kt-inside-inner-col > .aligncenter{width:100%;}.kadence-column_086e65-50 > .kt-inside-inner-col:before{opacity:0.3;}.kadence-column_086e65-50{position:relative;}@media all and (max-width: 1024px){.kadence-column_086e65-50 > .kt-inside-inner-col{flex-direction:column;justify-content:center;}}@media all and (max-width: 767px){.kadence-column_086e65-50 > .kt-inside-inner-col{flex-direction:column;justify-content:center;}}<\/style>\n<div class=\"wp-block-kadence-column inner-column-2 kadence-column_086e65-50\"><div class=\"kt-inside-inner-col\">\n<figure class=\"wp-block-image size-large\"><img loading=\"lazy\" decoding=\"async\" width=\"1024\" height=\"765\" src=\"https:\/\/hasserisstuerne.dk\/wp-content\/uploads\/2021\/02\/1214p63-1024x765.jpg\" alt=\"\" class=\"wp-image-790\" srcset=\"https:\/\/hasserisstuerne.dk\/wp-content\/uploads\/2021\/02\/1214p63-1024x765.jpg 1024w, https:\/\/hasserisstuerne.dk\/wp-content\/uploads\/2021\/02\/1214p63-300x224.jpg 300w, https:\/\/hasserisstuerne.dk\/wp-content\/uploads\/2021\/02\/1214p63-768x574.jpg 768w, https:\/\/hasserisstuerne.dk\/wp-content\/uploads\/2021\/02\/1214p63-1536x1148.jpg 1536w, https:\/\/hasserisstuerne.dk\/wp-content\/uploads\/2021\/02\/1214p63-2048x1530.jpg 2048w\" sizes=\"auto, (max-width: 1024px) 100vw, 1024px\" \/><figcaption>Nytorv<\/figcaption><\/figure>\n\n\n\n<p><\/p>\n<\/div><\/div>\n<\/div><\/div><\/div>\n<\/div><\/div>\n<\/div><\/div><\/div>\n\n\n<style>#kt-layout-id_9344c2-02 > .kt-row-column-wrap{align-content:start;}:where(#kt-layout-id_9344c2-02 > .kt-row-column-wrap) > .wp-block-kadence-column{justify-content:start;}#kt-layout-id_9344c2-02 > .kt-row-column-wrap{column-gap:var(--global-kb-gap-md, 2rem);row-gap:var(--global-kb-gap-md, 2rem);padding-top:var( --global-kb-row-default-top, 25px );padding-bottom:var( --global-kb-row-default-bottom, 25px );padding-top:var(--global-kb-spacing-sm, 1.5rem);padding-bottom:var(--global-kb-spacing-sm, 1.5rem);grid-template-columns:repeat(2, minmax(0, 1fr));}#kt-layout-id_9344c2-02 > .kt-row-layout-overlay{opacity:0.30;}@media all and (max-width: 1024px){#kt-layout-id_9344c2-02 > .kt-row-column-wrap{grid-template-columns:repeat(2, minmax(0, 1fr));}}@media all and (max-width: 767px){#kt-layout-id_9344c2-02 > .kt-row-column-wrap{grid-template-columns:minmax(0, 1fr);}}<\/style>\n<div class=\"wp-block-kadence-rowlayout alignnone\"><div id=\"kt-layout-id_9344c2-02\" class=\"kt-row-layout-inner kt-layout-id_9344c2-02\"><div class=\"kt-row-column-wrap kt-has-2-columns kt-gutter-default kt-v-gutter-default kt-row-valign-top kt-row-layout-equal kt-tab-layout-inherit kt-m-colapse-left-to-right kt-mobile-layout-row\"><style>.kadence-column_9b5320-49 > .kt-inside-inner-col{border-top-width:0px;border-right-width:0px;border-bottom-width:0px;border-left-width:0px;}.kadence-column_9b5320-49 > .kt-inside-inner-col,.kadence-column_9b5320-49 > .kt-inside-inner-col:before{border-top-left-radius:0px;border-top-right-radius:0px;border-bottom-right-radius:0px;border-bottom-left-radius:0px;}.kadence-column_9b5320-49 > .kt-inside-inner-col{column-gap:var(--global-kb-gap-sm, 1rem);}.kadence-column_9b5320-49 > .kt-inside-inner-col{flex-direction:column;}.kadence-column_9b5320-49 > .kt-inside-inner-col > .aligncenter{width:100%;}.kadence-column_9b5320-49 > .kt-inside-inner-col:before{opacity:0.3;}.kadence-column_9b5320-49{position:relative;}@media all and (max-width: 1024px){.kadence-column_9b5320-49 > .kt-inside-inner-col{flex-direction:column;justify-content:center;}}@media all and (max-width: 767px){.kadence-column_9b5320-49 > .kt-inside-inner-col{flex-direction:column;justify-content:center;}}<\/style>\n<div class=\"wp-block-kadence-column inner-column-1 kadence-column_9b5320-49\"><div class=\"kt-inside-inner-col\">\n<p>Da ejeren, Jysk Telefonselskab, \u00f8nskede at rive de gamle bygninger ned i 1942, lykkedes det for Hasseris kommune at overtage dem.<\/p>\n<\/div><\/div>\n\n\n<style>.kadence-column_8956ab-44 > .kt-inside-inner-col{border-top-width:0px;border-right-width:0px;border-bottom-width:0px;border-left-width:0px;}.kadence-column_8956ab-44 > .kt-inside-inner-col,.kadence-column_8956ab-44 > .kt-inside-inner-col:before{border-top-left-radius:0px;border-top-right-radius:0px;border-bottom-right-radius:0px;border-bottom-left-radius:0px;}.kadence-column_8956ab-44 > .kt-inside-inner-col{column-gap:var(--global-kb-gap-sm, 1rem);}.kadence-column_8956ab-44 > .kt-inside-inner-col{flex-direction:column;}.kadence-column_8956ab-44 > .kt-inside-inner-col > .aligncenter{width:100%;}.kadence-column_8956ab-44 > .kt-inside-inner-col:before{opacity:0.3;}.kadence-column_8956ab-44{position:relative;}@media all and (max-width: 1024px){.kadence-column_8956ab-44 > .kt-inside-inner-col{flex-direction:column;justify-content:center;}}@media all and (max-width: 767px){.kadence-column_8956ab-44 > .kt-inside-inner-col{flex-direction:column;justify-content:center;}}<\/style>\n<div class=\"wp-block-kadence-column inner-column-2 kadence-column_8956ab-44\"><div class=\"kt-inside-inner-col\">\n<figure class=\"wp-block-image size-large is-resized\"><img loading=\"lazy\" decoding=\"async\" src=\"https:\/\/hasserisstuerne.dk\/wp-content\/uploads\/2021\/02\/sak415n2598-1_165x166.jpg\" alt=\"\" class=\"wp-image-51\" width=\"364\" height=\"366\" srcset=\"https:\/\/hasserisstuerne.dk\/wp-content\/uploads\/2021\/02\/sak415n2598-1_165x166.jpg 165w, https:\/\/hasserisstuerne.dk\/wp-content\/uploads\/2021\/02\/sak415n2598-1_165x166-150x150.jpg 150w\" sizes=\"auto, (max-width: 364px) 100vw, 364px\" \/><\/figure>\n\n\n\n<p><\/p>\n<\/div><\/div>\n<\/div><\/div><\/div>\n\n\n<style>#kt-layout-id_69894e-df > .kt-row-column-wrap{align-content:start;}:where(#kt-layout-id_69894e-df > .kt-row-column-wrap) > .wp-block-kadence-column{justify-content:start;}#kt-layout-id_69894e-df > .kt-row-column-wrap{column-gap:var(--global-kb-gap-md, 2rem);row-gap:var(--global-kb-gap-md, 2rem);padding-top:var( --global-kb-row-default-top, 25px );padding-bottom:var( --global-kb-row-default-bottom, 25px );padding-top:var(--global-kb-spacing-sm, 1.5rem);padding-bottom:var(--global-kb-spacing-sm, 1.5rem);grid-template-columns:repeat(2, minmax(0, 1fr));}#kt-layout-id_69894e-df > .kt-row-layout-overlay{opacity:0.30;}@media all and (max-width: 1024px){#kt-layout-id_69894e-df > .kt-row-column-wrap{grid-template-columns:repeat(2, minmax(0, 1fr));}}@media all and (max-width: 767px){#kt-layout-id_69894e-df > .kt-row-column-wrap{grid-template-columns:minmax(0, 1fr);}}<\/style>\n<div class=\"wp-block-kadence-rowlayout alignnone\"><div id=\"kt-layout-id_69894e-df\" class=\"kt-row-layout-inner kt-layout-id_69894e-df\"><div class=\"kt-row-column-wrap kt-has-2-columns kt-gutter-default kt-v-gutter-default kt-row-valign-top kt-row-layout-equal kt-tab-layout-inherit kt-m-colapse-left-to-right kt-mobile-layout-row\"><style>.kadence-column_d79ee5-e8 > .kt-inside-inner-col{border-top-width:0px;border-right-width:0px;border-bottom-width:0px;border-left-width:0px;}.kadence-column_d79ee5-e8 > .kt-inside-inner-col,.kadence-column_d79ee5-e8 > .kt-inside-inner-col:before{border-top-left-radius:0px;border-top-right-radius:0px;border-bottom-right-radius:0px;border-bottom-left-radius:0px;}.kadence-column_d79ee5-e8 > .kt-inside-inner-col{column-gap:var(--global-kb-gap-sm, 1rem);}.kadence-column_d79ee5-e8 > .kt-inside-inner-col{flex-direction:column;}.kadence-column_d79ee5-e8 > .kt-inside-inner-col > .aligncenter{width:100%;}.kadence-column_d79ee5-e8 > .kt-inside-inner-col:before{opacity:0.3;}.kadence-column_d79ee5-e8{position:relative;}@media all and (max-width: 1024px){.kadence-column_d79ee5-e8 > .kt-inside-inner-col{flex-direction:column;justify-content:center;}}@media all and (max-width: 767px){.kadence-column_d79ee5-e8 > .kt-inside-inner-col{flex-direction:column;justify-content:center;}}<\/style>\n<div class=\"wp-block-kadence-column inner-column-1 kadence-column_d79ee5-e8\"><div class=\"kt-inside-inner-col\">\n<p>Bygningerne, der var fredet i klasse B, blev skilt ad og hver en stump nummereret med henblik p\u00e5 genopf\u00f8relsen i Hasseris i 1950-1952.<\/p>\n\n\n\n<p>Ved den lejlighed blev g\u00e5rden indrettet til sogner\u00e5dets m\u00f8dested efter arkitekt Ejnar Packness&#8217; anvisninger.<\/p>\n<\/div><\/div>\n\n\n<style>.kadence-column_f59b79-24 > .kt-inside-inner-col{border-top-width:0px;border-right-width:0px;border-bottom-width:0px;border-left-width:0px;}.kadence-column_f59b79-24 > .kt-inside-inner-col,.kadence-column_f59b79-24 > .kt-inside-inner-col:before{border-top-left-radius:0px;border-top-right-radius:0px;border-bottom-right-radius:0px;border-bottom-left-radius:0px;}.kadence-column_f59b79-24 > .kt-inside-inner-col{column-gap:var(--global-kb-gap-sm, 1rem);}.kadence-column_f59b79-24 > .kt-inside-inner-col{flex-direction:column;}.kadence-column_f59b79-24 > .kt-inside-inner-col > .aligncenter{width:100%;}.kadence-column_f59b79-24 > .kt-inside-inner-col:before{opacity:0.3;}.kadence-column_f59b79-24{position:relative;}@media all and (max-width: 1024px){.kadence-column_f59b79-24 > .kt-inside-inner-col{flex-direction:column;justify-content:center;}}@media all and (max-width: 767px){.kadence-column_f59b79-24 > .kt-inside-inner-col{flex-direction:column;justify-content:center;}}<\/style>\n<div class=\"wp-block-kadence-column inner-column-2 kadence-column_f59b79-24\"><div class=\"kt-inside-inner-col\">\n<figure class=\"wp-block-image size-large is-resized\"><img loading=\"lazy\" decoding=\"async\" src=\"https:\/\/hasserisstuerne.dk\/wp-content\/uploads\/2021\/02\/jak1006n2916-11_174x166.jpg\" alt=\"\" class=\"wp-image-52\" width=\"356\" height=\"340\"\/><\/figure>\n<\/div><\/div>\n<\/div><\/div><\/div>\n\n\n<style>#kt-layout-id_42a75b-c4 > .kt-row-column-wrap{align-content:start;}:where(#kt-layout-id_42a75b-c4 > .kt-row-column-wrap) > .wp-block-kadence-column{justify-content:start;}#kt-layout-id_42a75b-c4 > .kt-row-column-wrap{column-gap:var(--global-kb-gap-md, 2rem);row-gap:var(--global-kb-gap-md, 2rem);padding-top:var( --global-kb-row-default-top, 25px );padding-bottom:var( --global-kb-row-default-bottom, 25px );padding-top:var(--global-kb-spacing-sm, 1.5rem);padding-bottom:var(--global-kb-spacing-sm, 1.5rem);grid-template-columns:repeat(2, minmax(0, 1fr));}#kt-layout-id_42a75b-c4 > .kt-row-layout-overlay{opacity:0.30;}@media all and (max-width: 1024px){#kt-layout-id_42a75b-c4 > .kt-row-column-wrap{grid-template-columns:repeat(2, minmax(0, 1fr));}}@media all and (max-width: 767px){#kt-layout-id_42a75b-c4 > .kt-row-column-wrap{grid-template-columns:minmax(0, 1fr);}}<\/style>\n<div class=\"wp-block-kadence-rowlayout alignnone\"><div id=\"kt-layout-id_42a75b-c4\" class=\"kt-row-layout-inner kt-layout-id_42a75b-c4\"><div class=\"kt-row-column-wrap kt-has-2-columns kt-gutter-default kt-v-gutter-default kt-row-valign-top kt-row-layout-equal kt-tab-layout-inherit kt-m-colapse-left-to-right kt-mobile-layout-row\"><style>.kadence-column_5d2c23-15 > .kt-inside-inner-col{border-top-width:0px;border-right-width:0px;border-bottom-width:0px;border-left-width:0px;}.kadence-column_5d2c23-15 > .kt-inside-inner-col,.kadence-column_5d2c23-15 > .kt-inside-inner-col:before{border-top-left-radius:0px;border-top-right-radius:0px;border-bottom-right-radius:0px;border-bottom-left-radius:0px;}.kadence-column_5d2c23-15 > .kt-inside-inner-col{column-gap:var(--global-kb-gap-sm, 1rem);}.kadence-column_5d2c23-15 > .kt-inside-inner-col{flex-direction:column;}.kadence-column_5d2c23-15 > .kt-inside-inner-col > .aligncenter{width:100%;}.kadence-column_5d2c23-15 > .kt-inside-inner-col:before{opacity:0.3;}.kadence-column_5d2c23-15{position:relative;}@media all and (max-width: 1024px){.kadence-column_5d2c23-15 > .kt-inside-inner-col{flex-direction:column;justify-content:center;}}@media all and (max-width: 767px){.kadence-column_5d2c23-15 > .kt-inside-inner-col{flex-direction:column;justify-content:center;}}<\/style>\n<div class=\"wp-block-kadence-column inner-column-1 kadence-column_5d2c23-15\"><div class=\"kt-inside-inner-col\">\n<figure class=\"wp-block-image size-large is-resized\"><img loading=\"lazy\" decoding=\"async\" src=\"https:\/\/hasserisstuerne.dk\/wp-content\/uploads\/2021\/02\/svalegaarden-1-1024x684.jpg\" alt=\"\" class=\"wp-image-399\" width=\"372\" height=\"248\" srcset=\"https:\/\/hasserisstuerne.dk\/wp-content\/uploads\/2021\/02\/svalegaarden-1-1024x684.jpg 1024w, https:\/\/hasserisstuerne.dk\/wp-content\/uploads\/2021\/02\/svalegaarden-1-300x200.jpg 300w, https:\/\/hasserisstuerne.dk\/wp-content\/uploads\/2021\/02\/svalegaarden-1-768x513.jpg 768w, https:\/\/hasserisstuerne.dk\/wp-content\/uploads\/2021\/02\/svalegaarden-1-1536x1026.jpg 1536w, https:\/\/hasserisstuerne.dk\/wp-content\/uploads\/2021\/02\/svalegaarden-1-2048x1368.jpg 2048w\" sizes=\"auto, (max-width: 372px) 100vw, 372px\" \/><\/figure>\n<\/div><\/div>\n\n\n<style>.kadence-column_f1f4fe-5c > .kt-inside-inner-col{border-top-width:0px;border-right-width:0px;border-bottom-width:0px;border-left-width:0px;}.kadence-column_f1f4fe-5c > .kt-inside-inner-col,.kadence-column_f1f4fe-5c > .kt-inside-inner-col:before{border-top-left-radius:0px;border-top-right-radius:0px;border-bottom-right-radius:0px;border-bottom-left-radius:0px;}.kadence-column_f1f4fe-5c > .kt-inside-inner-col{column-gap:var(--global-kb-gap-sm, 1rem);}.kadence-column_f1f4fe-5c > .kt-inside-inner-col{flex-direction:column;}.kadence-column_f1f4fe-5c > .kt-inside-inner-col > .aligncenter{width:100%;}.kadence-column_f1f4fe-5c > .kt-inside-inner-col:before{opacity:0.3;}.kadence-column_f1f4fe-5c{position:relative;}@media all and (max-width: 1024px){.kadence-column_f1f4fe-5c > .kt-inside-inner-col{flex-direction:column;justify-content:center;}}@media all and (max-width: 767px){.kadence-column_f1f4fe-5c > .kt-inside-inner-col{flex-direction:column;justify-content:center;}}<\/style>\n<div class=\"wp-block-kadence-column inner-column-2 kadence-column_f1f4fe-5c\"><div class=\"kt-inside-inner-col\">\n<figure class=\"wp-block-image size-large is-resized\"><img loading=\"lazy\" decoding=\"async\" src=\"https:\/\/hasserisstuerne.dk\/wp-content\/uploads\/2021\/02\/svalegaarden-pumpe-1024x673.jpg\" alt=\"\" class=\"wp-image-398\" width=\"374\" height=\"245\" srcset=\"https:\/\/hasserisstuerne.dk\/wp-content\/uploads\/2021\/02\/svalegaarden-pumpe-1024x673.jpg 1024w, https:\/\/hasserisstuerne.dk\/wp-content\/uploads\/2021\/02\/svalegaarden-pumpe-300x197.jpg 300w, https:\/\/hasserisstuerne.dk\/wp-content\/uploads\/2021\/02\/svalegaarden-pumpe-768x504.jpg 768w, https:\/\/hasserisstuerne.dk\/wp-content\/uploads\/2021\/02\/svalegaarden-pumpe-1536x1009.jpg 1536w, https:\/\/hasserisstuerne.dk\/wp-content\/uploads\/2021\/02\/svalegaarden-pumpe-2048x1345.jpg 2048w\" sizes=\"auto, (max-width: 374px) 100vw, 374px\" \/><\/figure>\n<\/div><\/div>\n<\/div><\/div><\/div>\n","protected":false},"excerpt":{"rendered":"<p>Svalegaarden l\u00e5 oprindeligt p\u00e5 Nytorv i Aalborg og bestod af to ejendomme fra 1600-\u00e5renes begyndelse, som blev lagt sammen til \u00e9n kort f\u00f8r \u00e5r 1700. \u00e5 fotoet kan du se Svalegaarden som den oprindeligt l\u00e5 p\u00e5 Nytorv midt i Aalborg. &hellip; <a href=\"https:\/\/hasserisstuerne.dk\/?page_id=490\">Continued<\/a><\/p>\n","protected":false},"author":1,"featured_media":0,"parent":0,"menu_order":0,"comment_status":"closed","ping_status":"closed","template":"","meta":{"kt_blocks_editor_width":"","footnotes":""},"class_list":["post-490","page","type-page","status-publish","hentry"],"_links":{"self":[{"href":"https:\/\/hasserisstuerne.dk\/index.php?rest_route=\/wp\/v2\/pages\/490","targetHints":{"allow":["GET"]}}],"collection":[{"href":"https:\/\/hasserisstuerne.dk\/index.php?rest_route=\/wp\/v2\/pages"}],"about":[{"href":"https:\/\/hasserisstuerne.dk\/index.php?rest_route=\/wp\/v2\/types\/page"}],"author":[{"embeddable":true,"href":"https:\/\/hasserisstuerne.dk\/index.php?rest_route=\/wp\/v2\/users\/1"}],"replies":[{"embeddable":true,"href":"https:\/\/hasserisstuerne.dk\/index.php?rest_route=%2Fwp%2Fv2%2Fcomments&post=490"}],"version-history":[{"count":2,"href":"https:\/\/hasserisstuerne.dk\/index.php?rest_route=\/wp\/v2\/pages\/490\/revisions"}],"predecessor-version":[{"id":817,"href":"https:\/\/hasserisstuerne.dk\/index.php?rest_route=\/wp\/v2\/pages\/490\/revisions\/817"}],"wp:attachment":[{"href":"https:\/\/hasserisstuerne.dk\/index.php?rest_route=%2Fwp%2Fv2%2Fmedia&parent=490"}],"curies":[{"name":"wp","href":"https:\/\/api.w.org\/{rel}","templated":true}]}}